{"id":7563,"date":"2024-06-03T05:16:54","date_gmt":"2024-06-03T05:16:54","guid":{"rendered":"https:\/\/23b13e8ab3.nxcli.io\/switzerland\/?post_type=product&#038;p=7563"},"modified":"2024-08-27T07:05:11","modified_gmt":"2024-08-27T07:05:11","slug":"energizer-vision-led-usb-lantern","status":"publish","type":"product","link":"https:\/\/energizer.com\/eu\/switzerland\/product\/energizer-vision-led-usb-lantern\/","title":{"rendered":"Energizer Vision LED USB Lantern"},"content":{"rendered":"<ul>\n<li>Lanterne LED robuste et polyvalente fonctionnant avec 4 piles D Energizer MAX<\/li>\n<li>La construction durable r\u00e9siste aux dommages caus\u00e9s par des chutes d&#8217;une hauteur maximale de 1 m\u00e8tre pour offrir une fiabilit\u00e9 sans souci en tant que lampe d&#8217;urgence, lanterne de<\/li>\n<li>amping et bien plus encore.La lanterne d\u00e9livre jusqu&#8217;\u00e0 1300 lumens* d&#8217;\u00e9clairage \u00e0 360\u00b0, soit 10 fois plus que la technologie LED standard<\/li>\n<li>Le port USB pour recharger les appareils en fait un accessoire id\u00e9al en cas de panne de courant<\/li>\n<li>Personnalisez les param\u00e8tres d&#8217;\u00e9clairage de cette lanterne \u00e9lectrique gr\u00e2ce \u00e0 sa fonction de gradation, du mode \u00e9lev\u00e9 au mode faible, lumi\u00e8re nocturne diffuse<\/li>\n<\/ul>\n","protected":false},"excerpt":{"rendered":"<p>Qu&#8217;il s&#8217;agisse d&#8217;\u00e9clairer votre aventure en plein air ou de fournir de la lumi\u00e8re dans des situations inattendues, la lanterne Energizer Vision USB est le choix id\u00e9al avec jusqu&#8217;\u00e0 1300 lumens* de brillance \u00e0 360\u00ba. Sa construction durable et r\u00e9sistante \u00e0 l&#8217;eau et son port USB pour recharger les appareils en font une excellente lanterne de camping. Elle fournit un \u00e9clairage puissant m\u00eame apr\u00e8s une charge compl\u00e8te du smartphone**. Et avec jusqu&#8217;\u00e0 8 heures d&#8217;autonomie***, elle est parfaite comme lanterne d&#8217;urgence pendant les trop longues coupures de courant. Transportez-la \u00e0 l&#8217;aide de la poign\u00e9e antid\u00e9rapante ou posez-la sur sa base et mettez la main \u00e0 la p\u00e2te.<\/p>\n","protected":false},"featured_media":0,"comment_status":"open","ping_status":"closed","template":"","meta":{"_acf_changed":false},"product_brand":[],"product_cat":[44],"product_tag":[],"class_list":{"0":"post-7563","1":"product","2":"type-product","3":"status-publish","5":"product_cat-area","6":"pa_uses-work","8":"first","9":"instock","10":"shipping-taxable","11":"product-type-simple"},"acf":[],"yoast_head":"<!-- This site is optimized with the Yoast SEO plugin v27.2 - https:\/\/yoast.com\/product\/yoast-seo-wordpress\/ -->\n<title>Energizer Vision LED USB Lantern - Switzerland<\/title>\n<meta name=\"robots\" content=\"index, follow, max-snippet:-1, max-image-preview:large, max-video-preview:-1\" \/>\n<link rel=\"canonical\" href=\"https:\/\/energizer.com\/eu\/switzerland\/product\/energizer-vision-led-usb-lantern\/\" \/>\n<meta property=\"og:locale\" content=\"en_US\" \/>\n<meta property=\"og:type\" content=\"article\" \/>\n<meta property=\"og:title\" content=\"Energizer Vision LED USB Lantern - Switzerland\" \/>\n<meta property=\"og:description\" content=\"Qu&#039;il s&#039;agisse d&#039;\u00e9clairer votre aventure en plein air ou de fournir de la lumi\u00e8re dans des situations inattendues, la lanterne Energizer Vision USB est le choix id\u00e9al avec jusqu&#039;\u00e0 1300 lumens* de brillance \u00e0 360\u00ba. Sa construction durable et r\u00e9sistante \u00e0 l&#039;eau et son port USB pour recharger les appareils en font une excellente lanterne de camping. Elle fournit un \u00e9clairage puissant m\u00eame apr\u00e8s une charge compl\u00e8te du smartphone**. Et avec jusqu&#039;\u00e0 8 heures d&#039;autonomie***, elle est parfaite comme lanterne d&#039;urgence pendant les trop longues coupures de courant. Transportez-la \u00e0 l&#039;aide de la poign\u00e9e antid\u00e9rapante ou posez-la sur sa base et mettez la main \u00e0 la p\u00e2te.\" \/>\n<meta property=\"og:url\" content=\"https:\/\/energizer.com\/eu\/switzerland\/product\/energizer-vision-led-usb-lantern\/\" \/>\n<meta property=\"og:site_name\" content=\"Switzerland\" \/>\n<meta property=\"article:modified_time\" content=\"2024-08-27T07:05:11+00:00\" \/>\n<meta name=\"twitter:card\" content=\"summary_large_image\" \/>\n<script type=\"application\/ld+json\" class=\"yoast-schema-graph\">{\"@context\":\"https:\/\/schema.org\",\"@graph\":[{\"@type\":\"WebPage\",\"@id\":\"https:\/\/energizer.com\/eu\/switzerland\/product\/energizer-vision-led-usb-lantern\/\",\"url\":\"https:\/\/energizer.com\/eu\/switzerland\/product\/energizer-vision-led-usb-lantern\/\",\"name\":\"Energizer Vision LED USB Lantern - Switzerland\",\"isPartOf\":{\"@id\":\"https:\/\/energizer.com\/eu\/switzerland\/#website\"},\"datePublished\":\"2024-06-03T05:16:54+00:00\",\"dateModified\":\"2024-08-27T07:05:11+00:00\",\"breadcrumb\":{\"@id\":\"https:\/\/energizer.com\/eu\/switzerland\/product\/energizer-vision-led-usb-lantern\/#breadcrumb\"},\"inLanguage\":\"en-US\",\"potentialAction\":[{\"@type\":\"ReadAction\",\"target\":[\"https:\/\/energizer.com\/eu\/switzerland\/product\/energizer-vision-led-usb-lantern\/\"]}]},{\"@type\":\"BreadcrumbList\",\"@id\":\"https:\/\/energizer.com\/eu\/switzerland\/product\/energizer-vision-led-usb-lantern\/#breadcrumb\",\"itemListElement\":[{\"@type\":\"ListItem\",\"position\":1,\"name\":\"Home\",\"item\":\"https:\/\/energizer.com\/eu\/switzerland\/\"},{\"@type\":\"ListItem\",\"position\":2,\"name\":\"Energizer Vision LED USB Lantern\"}]},{\"@type\":\"WebSite\",\"@id\":\"https:\/\/energizer.com\/eu\/switzerland\/#website\",\"url\":\"https:\/\/energizer.com\/eu\/switzerland\/\",\"name\":\"Energizer Switzerland (FR)\",\"description\":\"\",\"publisher\":{\"@id\":\"https:\/\/energizer.com\/eu\/switzerland\/#organization\"},\"potentialAction\":[{\"@type\":\"SearchAction\",\"target\":{\"@type\":\"EntryPoint\",\"urlTemplate\":\"https:\/\/energizer.com\/eu\/switzerland\/?s={search_term_string}\"},\"query-input\":{\"@type\":\"PropertyValueSpecification\",\"valueRequired\":true,\"valueName\":\"search_term_string\"}}],\"inLanguage\":\"en-US\"},{\"@type\":\"Organization\",\"@id\":\"https:\/\/energizer.com\/eu\/switzerland\/#organization\",\"name\":\"Energizer Switzerland (FR)\",\"url\":\"https:\/\/energizer.com\/eu\/switzerland\/\",\"logo\":{\"@type\":\"ImageObject\",\"inLanguage\":\"en-US\",\"@id\":\"https:\/\/energizer.com\/eu\/switzerland\/#\/schema\/logo\/image\/\",\"url\":\"https:\/\/energizer.com\/eu\/switzerland\/wp-content\/uploads\/sites\/58\/2024\/04\/Energizer_brand.png\",\"contentUrl\":\"https:\/\/energizer.com\/eu\/switzerland\/wp-content\/uploads\/sites\/58\/2024\/04\/Energizer_brand.png\",\"width\":267,\"height\":100,\"caption\":\"Energizer Switzerland (FR)\"},\"image\":{\"@id\":\"https:\/\/energizer.com\/eu\/switzerland\/#\/schema\/logo\/image\/\"}}]}<\/script>\n<!-- \/ Yoast SEO plugin. -->","yoast_head_json":{"title":"Energizer Vision LED USB Lantern - Switzerland","robots":{"index":"index","follow":"follow","max-snippet":"max-snippet:-1","max-image-preview":"max-image-preview:large","max-video-preview":"max-video-preview:-1"},"canonical":"https:\/\/energizer.com\/eu\/switzerland\/product\/energizer-vision-led-usb-lantern\/","og_locale":"en_US","og_type":"article","og_title":"Energizer Vision LED USB Lantern - Switzerland","og_description":"Qu'il s'agisse d'\u00e9clairer votre aventure en plein air ou de fournir de la lumi\u00e8re dans des situations inattendues, la lanterne Energizer Vision USB est le choix id\u00e9al avec jusqu'\u00e0 1300 lumens* de brillance \u00e0 360\u00ba. Sa construction durable et r\u00e9sistante \u00e0 l'eau et son port USB pour recharger les appareils en font une excellente lanterne de camping. Elle fournit un \u00e9clairage puissant m\u00eame apr\u00e8s une charge compl\u00e8te du smartphone**. Et avec jusqu'\u00e0 8 heures d'autonomie***, elle est parfaite comme lanterne d'urgence pendant les trop longues coupures de courant. Transportez-la \u00e0 l'aide de la poign\u00e9e antid\u00e9rapante ou posez-la sur sa base et mettez la main \u00e0 la p\u00e2te.","og_url":"https:\/\/energizer.com\/eu\/switzerland\/product\/energizer-vision-led-usb-lantern\/","og_site_name":"Switzerland","article_modified_time":"2024-08-27T07:05:11+00:00","twitter_card":"summary_large_image","schema":{"@context":"https:\/\/schema.org","@graph":[{"@type":"WebPage","@id":"https:\/\/energizer.com\/eu\/switzerland\/product\/energizer-vision-led-usb-lantern\/","url":"https:\/\/energizer.com\/eu\/switzerland\/product\/energizer-vision-led-usb-lantern\/","name":"Energizer Vision LED USB Lantern - Switzerland","isPartOf":{"@id":"https:\/\/energizer.com\/eu\/switzerland\/#website"},"datePublished":"2024-06-03T05:16:54+00:00","dateModified":"2024-08-27T07:05:11+00:00","breadcrumb":{"@id":"https:\/\/energizer.com\/eu\/switzerland\/product\/energizer-vision-led-usb-lantern\/#breadcrumb"},"inLanguage":"en-US","potentialAction":[{"@type":"ReadAction","target":["https:\/\/energizer.com\/eu\/switzerland\/product\/energizer-vision-led-usb-lantern\/"]}]},{"@type":"BreadcrumbList","@id":"https:\/\/energizer.com\/eu\/switzerland\/product\/energizer-vision-led-usb-lantern\/#breadcrumb","itemListElement":[{"@type":"ListItem","position":1,"name":"Home","item":"https:\/\/energizer.com\/eu\/switzerland\/"},{"@type":"ListItem","position":2,"name":"Energizer Vision LED USB Lantern"}]},{"@type":"WebSite","@id":"https:\/\/energizer.com\/eu\/switzerland\/#website","url":"https:\/\/energizer.com\/eu\/switzerland\/","name":"Energizer Switzerland (FR)","description":"","publisher":{"@id":"https:\/\/energizer.com\/eu\/switzerland\/#organization"},"potentialAction":[{"@type":"SearchAction","target":{"@type":"EntryPoint","urlTemplate":"https:\/\/energizer.com\/eu\/switzerland\/?s={search_term_string}"},"query-input":{"@type":"PropertyValueSpecification","valueRequired":true,"valueName":"search_term_string"}}],"inLanguage":"en-US"},{"@type":"Organization","@id":"https:\/\/energizer.com\/eu\/switzerland\/#organization","name":"Energizer Switzerland (FR)","url":"https:\/\/energizer.com\/eu\/switzerland\/","logo":{"@type":"ImageObject","inLanguage":"en-US","@id":"https:\/\/energizer.com\/eu\/switzerland\/#\/schema\/logo\/image\/","url":"https:\/\/energizer.com\/eu\/switzerland\/wp-content\/uploads\/sites\/58\/2024\/04\/Energizer_brand.png","contentUrl":"https:\/\/energizer.com\/eu\/switzerland\/wp-content\/uploads\/sites\/58\/2024\/04\/Energizer_brand.png","width":267,"height":100,"caption":"Energizer Switzerland (FR)"},"image":{"@id":"https:\/\/energizer.com\/eu\/switzerland\/#\/schema\/logo\/image\/"}}]}},"_links":{"self":[{"href":"https:\/\/energizer.com\/eu\/switzerland\/wp-json\/wp\/v2\/product\/7563","targetHints":{"allow":["GET"]}}],"collection":[{"href":"https:\/\/energizer.com\/eu\/switzerland\/wp-json\/wp\/v2\/product"}],"about":[{"href":"https:\/\/energizer.com\/eu\/switzerland\/wp-json\/wp\/v2\/types\/product"}],"replies":[{"embeddable":true,"href":"https:\/\/energizer.com\/eu\/switzerland\/wp-json\/wp\/v2\/comments?post=7563"}],"version-history":[{"count":3,"href":"https:\/\/energizer.com\/eu\/switzerland\/wp-json\/wp\/v2\/product\/7563\/revisions"}],"predecessor-version":[{"id":9725,"href":"https:\/\/energizer.com\/eu\/switzerland\/wp-json\/wp\/v2\/product\/7563\/revisions\/9725"}],"wp:attachment":[{"href":"https:\/\/energizer.com\/eu\/switzerland\/wp-json\/wp\/v2\/media?parent=7563"}],"wp:term":[{"taxonomy":"product_brand","embeddable":true,"href":"https:\/\/energizer.com\/eu\/switzerland\/wp-json\/wp\/v2\/product_brand?post=7563"},{"taxonomy":"product_cat","embeddable":true,"href":"https:\/\/energizer.com\/eu\/switzerland\/wp-json\/wp\/v2\/product_cat?post=7563"},{"taxonomy":"product_tag","embeddable":true,"href":"https:\/\/energizer.com\/eu\/switzerland\/wp-json\/wp\/v2\/product_tag?post=7563"}],"curies":[{"name":"wp","href":"https:\/\/api.w.org\/{rel}","templated":true}]}}