{"id":5277,"date":"2024-05-22T04:51:53","date_gmt":"2024-05-22T04:51:53","guid":{"rendered":"https:\/\/23b13e8ab3.nxcli.io\/switzerland-german\/?post_type=product&#038;p=5277"},"modified":"2024-08-23T09:39:37","modified_gmt":"2024-08-23T09:39:37","slug":"energizer-headband-headlamp","status":"publish","type":"product","link":"https:\/\/energizer.com\/eu\/switzerland_de\/product\/energizer-headband-headlamp\/","title":{"rendered":"Energizer Headband Headlamp"},"content":{"rendered":"<ul>\n<li>Einzigartiges Design als Stirnband (oben auf dem Kopf), anstatt auf der Stirn zu sitzen wie eine normale Stirnlampe<\/li>\n<li>Maximaler Komfort &#8211; tragen und vergessen<\/li>\n<li>Hochwertige und langlebige Materialien und Verarbeitung<\/li>\n<li>Bequemes Stirnband<\/li>\n<li>Nicht klemmendes Material (Haare)<\/li>\n<\/ul>\n","protected":false},"excerpt":{"rendered":"<p>Das einzigartige Design der Energizer Headband Headlamp bietet eine herausragende Lichtleistung in der vertrauten und modischen Form eines Stirnbands und maximiert Ihren Komfort, so dass Sie vergessen werden, dass Sie sie \u00fcberhaupt tragen! Wie ein Stirnband sitzt sie oben auf dem Kopf und nicht wie andere Stirnlampen auf der Stirn. So kann sie beliebig lange getragen werden, ohne dass es anstrengend ist, und sie erg\u00e4nzt Ihren Look, statt ihn zu dominieren. Das schlichte Design und die neutralen Farben passen zu jedem sportlichen und legeren Outfit und eignen sich sowohl f\u00fcr den Innen- als auch f\u00fcr den Au\u00dfenbereich, vom Joggen bis zum Spazierengehen mit dem Hund, vom Stricken bis zur Gartenarbeit, vom Lesen bis zum Basteln und dar\u00fcber hinaus&#8230;<\/p>\n","protected":false},"featured_media":0,"comment_status":"open","ping_status":"closed","template":"","meta":{"_acf_changed":false},"product_brand":[],"product_cat":[43],"product_tag":[],"class_list":{"0":"post-5277","1":"product","2":"type-product","3":"status-publish","5":"product_cat-hands-free","6":"pa_uses-everyday","8":"first","9":"instock","10":"shipping-taxable","11":"product-type-simple"},"acf":[],"yoast_head":"<!-- This site is optimized with the Yoast SEO plugin v27.4 - https:\/\/yoast.com\/product\/yoast-seo-wordpress\/ -->\n<title>Energizer Headband Headlamp - Switzerland German<\/title>\n<meta name=\"robots\" content=\"index, follow, max-snippet:-1, max-image-preview:large, max-video-preview:-1\" \/>\n<link rel=\"canonical\" href=\"https:\/\/energizer.com\/eu\/switzerland_de\/product\/energizer-headband-headlamp\/\" \/>\n<meta property=\"og:locale\" content=\"en_US\" \/>\n<meta property=\"og:type\" content=\"article\" \/>\n<meta property=\"og:title\" content=\"Energizer Headband Headlamp - Switzerland German\" \/>\n<meta property=\"og:description\" content=\"Das einzigartige Design der Energizer Headband Headlamp bietet eine herausragende Lichtleistung in der vertrauten und modischen Form eines Stirnbands und maximiert Ihren Komfort, so dass Sie vergessen werden, dass Sie sie \u00fcberhaupt tragen! Wie ein Stirnband sitzt sie oben auf dem Kopf und nicht wie andere Stirnlampen auf der Stirn. So kann sie beliebig lange getragen werden, ohne dass es anstrengend ist, und sie erg\u00e4nzt Ihren Look, statt ihn zu dominieren. Das schlichte Design und die neutralen Farben passen zu jedem sportlichen und legeren Outfit und eignen sich sowohl f\u00fcr den Innen- als auch f\u00fcr den Au\u00dfenbereich, vom Joggen bis zum Spazierengehen mit dem Hund, vom Stricken bis zur Gartenarbeit, vom Lesen bis zum Basteln und dar\u00fcber hinaus...\" \/>\n<meta property=\"og:url\" content=\"https:\/\/energizer.com\/eu\/switzerland_de\/product\/energizer-headband-headlamp\/\" \/>\n<meta property=\"og:site_name\" content=\"Switzerland German\" \/>\n<meta property=\"article:modified_time\" content=\"2024-08-23T09:39:37+00:00\" \/>\n<meta name=\"twitter:card\" content=\"summary_large_image\" \/>\n<script type=\"application\/ld+json\" class=\"yoast-schema-graph\">{\"@context\":\"https:\\\/\\\/schema.org\",\"@graph\":[{\"@type\":\"WebPage\",\"@id\":\"https:\\\/\\\/energizer.com\\\/eu\\\/switzerland_de\\\/product\\\/energizer-headband-headlamp\\\/\",\"url\":\"https:\\\/\\\/energizer.com\\\/eu\\\/switzerland_de\\\/product\\\/energizer-headband-headlamp\\\/\",\"name\":\"Energizer Headband Headlamp - Switzerland German\",\"isPartOf\":{\"@id\":\"https:\\\/\\\/energizer.com\\\/eu\\\/switzerland_de\\\/#website\"},\"datePublished\":\"2024-05-22T04:51:53+00:00\",\"dateModified\":\"2024-08-23T09:39:37+00:00\",\"breadcrumb\":{\"@id\":\"https:\\\/\\\/energizer.com\\\/eu\\\/switzerland_de\\\/product\\\/energizer-headband-headlamp\\\/#breadcrumb\"},\"inLanguage\":\"en-US\",\"potentialAction\":[{\"@type\":\"ReadAction\",\"target\":[\"https:\\\/\\\/energizer.com\\\/eu\\\/switzerland_de\\\/product\\\/energizer-headband-headlamp\\\/\"]}]},{\"@type\":\"BreadcrumbList\",\"@id\":\"https:\\\/\\\/energizer.com\\\/eu\\\/switzerland_de\\\/product\\\/energizer-headband-headlamp\\\/#breadcrumb\",\"itemListElement\":[{\"@type\":\"ListItem\",\"position\":1,\"name\":\"Home\",\"item\":\"https:\\\/\\\/energizer.com\\\/eu\\\/switzerland_de\\\/\"},{\"@type\":\"ListItem\",\"position\":2,\"name\":\"Energizer Headband Headlamp\"}]},{\"@type\":\"WebSite\",\"@id\":\"https:\\\/\\\/energizer.com\\\/eu\\\/switzerland_de\\\/#website\",\"url\":\"https:\\\/\\\/energizer.com\\\/eu\\\/switzerland_de\\\/\",\"name\":\"Energizer Switzerland (DE)\",\"description\":\"\",\"publisher\":{\"@id\":\"https:\\\/\\\/energizer.com\\\/eu\\\/switzerland_de\\\/#organization\"},\"potentialAction\":[{\"@type\":\"SearchAction\",\"target\":{\"@type\":\"EntryPoint\",\"urlTemplate\":\"https:\\\/\\\/energizer.com\\\/eu\\\/switzerland_de\\\/?s={search_term_string}\"},\"query-input\":{\"@type\":\"PropertyValueSpecification\",\"valueRequired\":true,\"valueName\":\"search_term_string\"}}],\"inLanguage\":\"en-US\"},{\"@type\":\"Organization\",\"@id\":\"https:\\\/\\\/energizer.com\\\/eu\\\/switzerland_de\\\/#organization\",\"name\":\"Energizer Switzerland (DE)\",\"url\":\"https:\\\/\\\/energizer.com\\\/eu\\\/switzerland_de\\\/\",\"logo\":{\"@type\":\"ImageObject\",\"inLanguage\":\"en-US\",\"@id\":\"https:\\\/\\\/energizer.com\\\/eu\\\/switzerland_de\\\/#\\\/schema\\\/logo\\\/image\\\/\",\"url\":\"https:\\\/\\\/energizer.com\\\/eu\\\/switzerland_de\\\/wp-content\\\/uploads\\\/sites\\\/55\\\/2024\\\/04\\\/Energizer_brand.png\",\"contentUrl\":\"https:\\\/\\\/energizer.com\\\/eu\\\/switzerland_de\\\/wp-content\\\/uploads\\\/sites\\\/55\\\/2024\\\/04\\\/Energizer_brand.png\",\"width\":267,\"height\":100,\"caption\":\"Energizer Switzerland (DE)\"},\"image\":{\"@id\":\"https:\\\/\\\/energizer.com\\\/eu\\\/switzerland_de\\\/#\\\/schema\\\/logo\\\/image\\\/\"}}]}<\/script>\n<!-- \/ Yoast SEO plugin. -->","yoast_head_json":{"title":"Energizer Headband Headlamp - Switzerland German","robots":{"index":"index","follow":"follow","max-snippet":"max-snippet:-1","max-image-preview":"max-image-preview:large","max-video-preview":"max-video-preview:-1"},"canonical":"https:\/\/energizer.com\/eu\/switzerland_de\/product\/energizer-headband-headlamp\/","og_locale":"en_US","og_type":"article","og_title":"Energizer Headband Headlamp - Switzerland German","og_description":"Das einzigartige Design der Energizer Headband Headlamp bietet eine herausragende Lichtleistung in der vertrauten und modischen Form eines Stirnbands und maximiert Ihren Komfort, so dass Sie vergessen werden, dass Sie sie \u00fcberhaupt tragen! Wie ein Stirnband sitzt sie oben auf dem Kopf und nicht wie andere Stirnlampen auf der Stirn. So kann sie beliebig lange getragen werden, ohne dass es anstrengend ist, und sie erg\u00e4nzt Ihren Look, statt ihn zu dominieren. Das schlichte Design und die neutralen Farben passen zu jedem sportlichen und legeren Outfit und eignen sich sowohl f\u00fcr den Innen- als auch f\u00fcr den Au\u00dfenbereich, vom Joggen bis zum Spazierengehen mit dem Hund, vom Stricken bis zur Gartenarbeit, vom Lesen bis zum Basteln und dar\u00fcber hinaus...","og_url":"https:\/\/energizer.com\/eu\/switzerland_de\/product\/energizer-headband-headlamp\/","og_site_name":"Switzerland German","article_modified_time":"2024-08-23T09:39:37+00:00","twitter_card":"summary_large_image","schema":{"@context":"https:\/\/schema.org","@graph":[{"@type":"WebPage","@id":"https:\/\/energizer.com\/eu\/switzerland_de\/product\/energizer-headband-headlamp\/","url":"https:\/\/energizer.com\/eu\/switzerland_de\/product\/energizer-headband-headlamp\/","name":"Energizer Headband Headlamp - Switzerland German","isPartOf":{"@id":"https:\/\/energizer.com\/eu\/switzerland_de\/#website"},"datePublished":"2024-05-22T04:51:53+00:00","dateModified":"2024-08-23T09:39:37+00:00","breadcrumb":{"@id":"https:\/\/energizer.com\/eu\/switzerland_de\/product\/energizer-headband-headlamp\/#breadcrumb"},"inLanguage":"en-US","potentialAction":[{"@type":"ReadAction","target":["https:\/\/energizer.com\/eu\/switzerland_de\/product\/energizer-headband-headlamp\/"]}]},{"@type":"BreadcrumbList","@id":"https:\/\/energizer.com\/eu\/switzerland_de\/product\/energizer-headband-headlamp\/#breadcrumb","itemListElement":[{"@type":"ListItem","position":1,"name":"Home","item":"https:\/\/energizer.com\/eu\/switzerland_de\/"},{"@type":"ListItem","position":2,"name":"Energizer Headband Headlamp"}]},{"@type":"WebSite","@id":"https:\/\/energizer.com\/eu\/switzerland_de\/#website","url":"https:\/\/energizer.com\/eu\/switzerland_de\/","name":"Energizer Switzerland (DE)","description":"","publisher":{"@id":"https:\/\/energizer.com\/eu\/switzerland_de\/#organization"},"potentialAction":[{"@type":"SearchAction","target":{"@type":"EntryPoint","urlTemplate":"https:\/\/energizer.com\/eu\/switzerland_de\/?s={search_term_string}"},"query-input":{"@type":"PropertyValueSpecification","valueRequired":true,"valueName":"search_term_string"}}],"inLanguage":"en-US"},{"@type":"Organization","@id":"https:\/\/energizer.com\/eu\/switzerland_de\/#organization","name":"Energizer Switzerland (DE)","url":"https:\/\/energizer.com\/eu\/switzerland_de\/","logo":{"@type":"ImageObject","inLanguage":"en-US","@id":"https:\/\/energizer.com\/eu\/switzerland_de\/#\/schema\/logo\/image\/","url":"https:\/\/energizer.com\/eu\/switzerland_de\/wp-content\/uploads\/sites\/55\/2024\/04\/Energizer_brand.png","contentUrl":"https:\/\/energizer.com\/eu\/switzerland_de\/wp-content\/uploads\/sites\/55\/2024\/04\/Energizer_brand.png","width":267,"height":100,"caption":"Energizer Switzerland (DE)"},"image":{"@id":"https:\/\/energizer.com\/eu\/switzerland_de\/#\/schema\/logo\/image\/"}}]}},"_links":{"self":[{"href":"https:\/\/energizer.com\/eu\/switzerland_de\/wp-json\/wp\/v2\/product\/5277","targetHints":{"allow":["GET"]}}],"collection":[{"href":"https:\/\/energizer.com\/eu\/switzerland_de\/wp-json\/wp\/v2\/product"}],"about":[{"href":"https:\/\/energizer.com\/eu\/switzerland_de\/wp-json\/wp\/v2\/types\/product"}],"replies":[{"embeddable":true,"href":"https:\/\/energizer.com\/eu\/switzerland_de\/wp-json\/wp\/v2\/comments?post=5277"}],"version-history":[{"count":3,"href":"https:\/\/energizer.com\/eu\/switzerland_de\/wp-json\/wp\/v2\/product\/5277\/revisions"}],"predecessor-version":[{"id":9092,"href":"https:\/\/energizer.com\/eu\/switzerland_de\/wp-json\/wp\/v2\/product\/5277\/revisions\/9092"}],"wp:attachment":[{"href":"https:\/\/energizer.com\/eu\/switzerland_de\/wp-json\/wp\/v2\/media?parent=5277"}],"wp:term":[{"taxonomy":"product_brand","embeddable":true,"href":"https:\/\/energizer.com\/eu\/switzerland_de\/wp-json\/wp\/v2\/product_brand?post=5277"},{"taxonomy":"product_cat","embeddable":true,"href":"https:\/\/energizer.com\/eu\/switzerland_de\/wp-json\/wp\/v2\/product_cat?post=5277"},{"taxonomy":"product_tag","embeddable":true,"href":"https:\/\/energizer.com\/eu\/switzerland_de\/wp-json\/wp\/v2\/product_tag?post=5277"}],"curies":[{"name":"wp","href":"https:\/\/api.w.org\/{rel}","templated":true}]}}