{"id":5279,"date":"2024-05-22T05:21:36","date_gmt":"2024-05-22T05:21:36","guid":{"rendered":"https:\/\/23b13e8ab3.nxcli.io\/switzerland-german\/?post_type=product&#038;p=5279"},"modified":"2024-08-23T09:39:36","modified_gmt":"2024-08-23T09:39:36","slug":"energizer-metal-3aaa","status":"publish","type":"product","link":"https:\/\/energizer.com\/eu\/switzerland_de\/product\/energizer-metal-3aaa\/","title":{"rendered":"Energizer Metal 3AAA"},"content":{"rendered":"<ul>\n<li>Vielseitiges, kompaktes Hochleistungslicht mit einem au\u00dfergew\u00f6hnlich starken, breiten Lichtkegel<\/li>\n<li>MAX-VIZ Technologie passt sich den nat\u00fcrlichen Augenpr\u00e4ferenzen an und sorgt f\u00fcr eine au\u00dfergew\u00f6hnliche, hochaufl\u00f6sende Sicht<\/li>\n<li>Sanftes digitales Umschalten erm\u00f6glicht dem Benutzer die Wahl zwischen den Modi &#8220;High&#8221;, &#8220;Power-Saver&#8221; und &#8220;Emergency Strobe&#8221;<\/li>\n<li>Die robuste Legierungskonstruktion bietet Sicherheit f\u00fcr jede Aufgabe<\/li>\n<li>3 AAA-Alkalibatterien im Lieferumfang enthalten<\/li>\n<\/ul>\n","protected":false},"excerpt":{"rendered":"<p>Die Energizer\u00ae Vision HD Compact ist eine innovative Hochleistungslampe in praktischer Gr\u00f6\u00dfe. Die Energizer Vision HD Compact passt in Ihr Fahrzeug, Ihre Tasche oder Ihren Rucksack und ist perfekt f\u00fcr eine Vielzahl von Aufgaben geeignet. Die einzigartige MAXVIZ-Technologie liefert einen breiten, starken Lichtstrahl, der dem Benutzer eine scharfe, hochaufl\u00f6sende Sicht bietet. Ein leichtg\u00e4ngiger, digitaler Schalter erm\u00f6glicht den Zugriff auf mehrere Strahleneinstellungen: Fernlicht, Energiesparmodus und Notfallblitzlicht. Die Energizer Vision HD ist aus einer hochentwickelten Legierung gefertigt und ist eine langlebige L\u00f6sung, die zu Hause oder unterwegs eine leistungsstarke Beleuchtung in Tageslichtfarben bietet.<\/p>\n","protected":false},"featured_media":0,"comment_status":"open","ping_status":"closed","template":"","meta":{"_acf_changed":false},"product_brand":[],"product_cat":[97],"product_tag":[],"class_list":{"0":"post-5279","1":"product","2":"type-product","3":"status-publish","5":"product_cat-handheld","6":"pa_uses-everyday","8":"first","9":"instock","10":"shipping-taxable","11":"product-type-simple"},"acf":[],"yoast_head":"<!-- This site is optimized with the Yoast SEO plugin v27.4 - https:\/\/yoast.com\/product\/yoast-seo-wordpress\/ -->\n<title>Energizer Metal 3AAA - Switzerland German<\/title>\n<meta name=\"robots\" content=\"index, follow, max-snippet:-1, max-image-preview:large, max-video-preview:-1\" \/>\n<link rel=\"canonical\" href=\"https:\/\/energizer.com\/eu\/switzerland_de\/product\/energizer-metal-3aaa\/\" \/>\n<meta property=\"og:locale\" content=\"en_US\" \/>\n<meta property=\"og:type\" content=\"article\" \/>\n<meta property=\"og:title\" content=\"Energizer Metal 3AAA - Switzerland German\" \/>\n<meta property=\"og:description\" content=\"Die Energizer\u00ae Vision HD Compact ist eine innovative Hochleistungslampe in praktischer Gr\u00f6\u00dfe. Die Energizer Vision HD Compact passt in Ihr Fahrzeug, Ihre Tasche oder Ihren Rucksack und ist perfekt f\u00fcr eine Vielzahl von Aufgaben geeignet. Die einzigartige MAXVIZ-Technologie liefert einen breiten, starken Lichtstrahl, der dem Benutzer eine scharfe, hochaufl\u00f6sende Sicht bietet. Ein leichtg\u00e4ngiger, digitaler Schalter erm\u00f6glicht den Zugriff auf mehrere Strahleneinstellungen: Fernlicht, Energiesparmodus und Notfallblitzlicht. Die Energizer Vision HD ist aus einer hochentwickelten Legierung gefertigt und ist eine langlebige L\u00f6sung, die zu Hause oder unterwegs eine leistungsstarke Beleuchtung in Tageslichtfarben bietet.\" \/>\n<meta property=\"og:url\" content=\"https:\/\/energizer.com\/eu\/switzerland_de\/product\/energizer-metal-3aaa\/\" \/>\n<meta property=\"og:site_name\" content=\"Switzerland German\" \/>\n<meta property=\"article:modified_time\" content=\"2024-08-23T09:39:36+00:00\" \/>\n<meta name=\"twitter:card\" content=\"summary_large_image\" \/>\n<script type=\"application\/ld+json\" class=\"yoast-schema-graph\">{\"@context\":\"https:\\\/\\\/schema.org\",\"@graph\":[{\"@type\":\"WebPage\",\"@id\":\"https:\\\/\\\/energizer.com\\\/eu\\\/switzerland_de\\\/product\\\/energizer-metal-3aaa\\\/\",\"url\":\"https:\\\/\\\/energizer.com\\\/eu\\\/switzerland_de\\\/product\\\/energizer-metal-3aaa\\\/\",\"name\":\"Energizer Metal 3AAA - Switzerland German\",\"isPartOf\":{\"@id\":\"https:\\\/\\\/energizer.com\\\/eu\\\/switzerland_de\\\/#website\"},\"datePublished\":\"2024-05-22T05:21:36+00:00\",\"dateModified\":\"2024-08-23T09:39:36+00:00\",\"breadcrumb\":{\"@id\":\"https:\\\/\\\/energizer.com\\\/eu\\\/switzerland_de\\\/product\\\/energizer-metal-3aaa\\\/#breadcrumb\"},\"inLanguage\":\"en-US\",\"potentialAction\":[{\"@type\":\"ReadAction\",\"target\":[\"https:\\\/\\\/energizer.com\\\/eu\\\/switzerland_de\\\/product\\\/energizer-metal-3aaa\\\/\"]}]},{\"@type\":\"BreadcrumbList\",\"@id\":\"https:\\\/\\\/energizer.com\\\/eu\\\/switzerland_de\\\/product\\\/energizer-metal-3aaa\\\/#breadcrumb\",\"itemListElement\":[{\"@type\":\"ListItem\",\"position\":1,\"name\":\"Home\",\"item\":\"https:\\\/\\\/energizer.com\\\/eu\\\/switzerland_de\\\/\"},{\"@type\":\"ListItem\",\"position\":2,\"name\":\"Energizer Metal 3AAA\"}]},{\"@type\":\"WebSite\",\"@id\":\"https:\\\/\\\/energizer.com\\\/eu\\\/switzerland_de\\\/#website\",\"url\":\"https:\\\/\\\/energizer.com\\\/eu\\\/switzerland_de\\\/\",\"name\":\"Energizer Switzerland (DE)\",\"description\":\"\",\"publisher\":{\"@id\":\"https:\\\/\\\/energizer.com\\\/eu\\\/switzerland_de\\\/#organization\"},\"potentialAction\":[{\"@type\":\"SearchAction\",\"target\":{\"@type\":\"EntryPoint\",\"urlTemplate\":\"https:\\\/\\\/energizer.com\\\/eu\\\/switzerland_de\\\/?s={search_term_string}\"},\"query-input\":{\"@type\":\"PropertyValueSpecification\",\"valueRequired\":true,\"valueName\":\"search_term_string\"}}],\"inLanguage\":\"en-US\"},{\"@type\":\"Organization\",\"@id\":\"https:\\\/\\\/energizer.com\\\/eu\\\/switzerland_de\\\/#organization\",\"name\":\"Energizer Switzerland (DE)\",\"url\":\"https:\\\/\\\/energizer.com\\\/eu\\\/switzerland_de\\\/\",\"logo\":{\"@type\":\"ImageObject\",\"inLanguage\":\"en-US\",\"@id\":\"https:\\\/\\\/energizer.com\\\/eu\\\/switzerland_de\\\/#\\\/schema\\\/logo\\\/image\\\/\",\"url\":\"https:\\\/\\\/energizer.com\\\/eu\\\/switzerland_de\\\/wp-content\\\/uploads\\\/sites\\\/55\\\/2024\\\/04\\\/Energizer_brand.png\",\"contentUrl\":\"https:\\\/\\\/energizer.com\\\/eu\\\/switzerland_de\\\/wp-content\\\/uploads\\\/sites\\\/55\\\/2024\\\/04\\\/Energizer_brand.png\",\"width\":267,\"height\":100,\"caption\":\"Energizer Switzerland (DE)\"},\"image\":{\"@id\":\"https:\\\/\\\/energizer.com\\\/eu\\\/switzerland_de\\\/#\\\/schema\\\/logo\\\/image\\\/\"}}]}<\/script>\n<!-- \/ Yoast SEO plugin. -->","yoast_head_json":{"title":"Energizer Metal 3AAA - Switzerland German","robots":{"index":"index","follow":"follow","max-snippet":"max-snippet:-1","max-image-preview":"max-image-preview:large","max-video-preview":"max-video-preview:-1"},"canonical":"https:\/\/energizer.com\/eu\/switzerland_de\/product\/energizer-metal-3aaa\/","og_locale":"en_US","og_type":"article","og_title":"Energizer Metal 3AAA - Switzerland German","og_description":"Die Energizer\u00ae Vision HD Compact ist eine innovative Hochleistungslampe in praktischer Gr\u00f6\u00dfe. Die Energizer Vision HD Compact passt in Ihr Fahrzeug, Ihre Tasche oder Ihren Rucksack und ist perfekt f\u00fcr eine Vielzahl von Aufgaben geeignet. Die einzigartige MAXVIZ-Technologie liefert einen breiten, starken Lichtstrahl, der dem Benutzer eine scharfe, hochaufl\u00f6sende Sicht bietet. Ein leichtg\u00e4ngiger, digitaler Schalter erm\u00f6glicht den Zugriff auf mehrere Strahleneinstellungen: Fernlicht, Energiesparmodus und Notfallblitzlicht. Die Energizer Vision HD ist aus einer hochentwickelten Legierung gefertigt und ist eine langlebige L\u00f6sung, die zu Hause oder unterwegs eine leistungsstarke Beleuchtung in Tageslichtfarben bietet.","og_url":"https:\/\/energizer.com\/eu\/switzerland_de\/product\/energizer-metal-3aaa\/","og_site_name":"Switzerland German","article_modified_time":"2024-08-23T09:39:36+00:00","twitter_card":"summary_large_image","schema":{"@context":"https:\/\/schema.org","@graph":[{"@type":"WebPage","@id":"https:\/\/energizer.com\/eu\/switzerland_de\/product\/energizer-metal-3aaa\/","url":"https:\/\/energizer.com\/eu\/switzerland_de\/product\/energizer-metal-3aaa\/","name":"Energizer Metal 3AAA - Switzerland German","isPartOf":{"@id":"https:\/\/energizer.com\/eu\/switzerland_de\/#website"},"datePublished":"2024-05-22T05:21:36+00:00","dateModified":"2024-08-23T09:39:36+00:00","breadcrumb":{"@id":"https:\/\/energizer.com\/eu\/switzerland_de\/product\/energizer-metal-3aaa\/#breadcrumb"},"inLanguage":"en-US","potentialAction":[{"@type":"ReadAction","target":["https:\/\/energizer.com\/eu\/switzerland_de\/product\/energizer-metal-3aaa\/"]}]},{"@type":"BreadcrumbList","@id":"https:\/\/energizer.com\/eu\/switzerland_de\/product\/energizer-metal-3aaa\/#breadcrumb","itemListElement":[{"@type":"ListItem","position":1,"name":"Home","item":"https:\/\/energizer.com\/eu\/switzerland_de\/"},{"@type":"ListItem","position":2,"name":"Energizer Metal 3AAA"}]},{"@type":"WebSite","@id":"https:\/\/energizer.com\/eu\/switzerland_de\/#website","url":"https:\/\/energizer.com\/eu\/switzerland_de\/","name":"Energizer Switzerland (DE)","description":"","publisher":{"@id":"https:\/\/energizer.com\/eu\/switzerland_de\/#organization"},"potentialAction":[{"@type":"SearchAction","target":{"@type":"EntryPoint","urlTemplate":"https:\/\/energizer.com\/eu\/switzerland_de\/?s={search_term_string}"},"query-input":{"@type":"PropertyValueSpecification","valueRequired":true,"valueName":"search_term_string"}}],"inLanguage":"en-US"},{"@type":"Organization","@id":"https:\/\/energizer.com\/eu\/switzerland_de\/#organization","name":"Energizer Switzerland (DE)","url":"https:\/\/energizer.com\/eu\/switzerland_de\/","logo":{"@type":"ImageObject","inLanguage":"en-US","@id":"https:\/\/energizer.com\/eu\/switzerland_de\/#\/schema\/logo\/image\/","url":"https:\/\/energizer.com\/eu\/switzerland_de\/wp-content\/uploads\/sites\/55\/2024\/04\/Energizer_brand.png","contentUrl":"https:\/\/energizer.com\/eu\/switzerland_de\/wp-content\/uploads\/sites\/55\/2024\/04\/Energizer_brand.png","width":267,"height":100,"caption":"Energizer Switzerland (DE)"},"image":{"@id":"https:\/\/energizer.com\/eu\/switzerland_de\/#\/schema\/logo\/image\/"}}]}},"_links":{"self":[{"href":"https:\/\/energizer.com\/eu\/switzerland_de\/wp-json\/wp\/v2\/product\/5279","targetHints":{"allow":["GET"]}}],"collection":[{"href":"https:\/\/energizer.com\/eu\/switzerland_de\/wp-json\/wp\/v2\/product"}],"about":[{"href":"https:\/\/energizer.com\/eu\/switzerland_de\/wp-json\/wp\/v2\/types\/product"}],"replies":[{"embeddable":true,"href":"https:\/\/energizer.com\/eu\/switzerland_de\/wp-json\/wp\/v2\/comments?post=5279"}],"version-history":[{"count":5,"href":"https:\/\/energizer.com\/eu\/switzerland_de\/wp-json\/wp\/v2\/product\/5279\/revisions"}],"predecessor-version":[{"id":9108,"href":"https:\/\/energizer.com\/eu\/switzerland_de\/wp-json\/wp\/v2\/product\/5279\/revisions\/9108"}],"wp:attachment":[{"href":"https:\/\/energizer.com\/eu\/switzerland_de\/wp-json\/wp\/v2\/media?parent=5279"}],"wp:term":[{"taxonomy":"product_brand","embeddable":true,"href":"https:\/\/energizer.com\/eu\/switzerland_de\/wp-json\/wp\/v2\/product_brand?post=5279"},{"taxonomy":"product_cat","embeddable":true,"href":"https:\/\/energizer.com\/eu\/switzerland_de\/wp-json\/wp\/v2\/product_cat?post=5279"},{"taxonomy":"product_tag","embeddable":true,"href":"https:\/\/energizer.com\/eu\/switzerland_de\/wp-json\/wp\/v2\/product_tag?post=5279"}],"curies":[{"name":"wp","href":"https:\/\/api.w.org\/{rel}","templated":true}]}}