{"id":5415,"date":"2024-05-22T09:35:35","date_gmt":"2024-05-22T09:35:35","guid":{"rendered":"https:\/\/23b13e8ab3.nxcli.io\/switzerland-german\/?post_type=product&#038;p=5415"},"modified":"2024-08-23T09:35:51","modified_gmt":"2024-08-23T09:35:51","slug":"enr-eu-tier2hdl50-450-hl-os-y25a32","status":"publish","type":"product","link":"https:\/\/energizer.com\/eu\/switzerland_de\/product\/enr-eu-tier2hdl50-450-hl-os-y25a32\/","title":{"rendered":"ENR EU TIER2HDL50 450 HL OS Y25A32"},"content":{"rendered":"<ul>\n<li>Energizer HDL50 LED-Kopftaschenlampe mit 3 Energizer AAA-Batterien<\/li>\n<li>Helle Kopftaschenlampe liefert freih\u00e4ndiges Licht mit langer Betriebsdauer<\/li>\n<li>Die perfekte Kopftaschenlampe f\u00fcr zu Hause, bei der Arbeit und bei Outdoor-Aktivit\u00e4ten<\/li>\n<li>Leuchtet bis zu 2 Stunden lang mit 500 Lumen und einer Leuchtweite von 246 Fu\u00df<\/li>\n<li>Wasserdicht nach IPX7 f\u00fcr den Einsatz unter allen Wetterbedingungen, bruchsichere Linse und sto\u00dffest bis zu 6 Fu\u00df<\/li>\n<li>Schwenkbarer Kopf zum Ausrichten des Lichts und patentierter Digital Focus zum Erweitern oder Verengen des Sichtfelds<\/li>\n<li>Verlassen Sie sich auf die Marke Energizer f\u00fcr zuverl\u00e4ssige Energie und Leistung in jeder Situation<\/li>\n<\/ul>\n","protected":false},"excerpt":{"rendered":"<p>Wenn Sie die H\u00e4nde frei haben m\u00fcssen, bietet die Energizer HDL50 LED-Kopflampe helles Licht mit hohem CRI f\u00fcr klare Farbdefinition. Die kompakte Stirnlampe ist leicht, wasser- und staubdicht, so dass Sie sie \u00fcberallhin mitnehmen k\u00f6nnen &#8211; in den Regen, auf eine Baustelle oder einfach in den Keller. Die perfekte Stirnlampe f\u00fcr zu Hause und bei der Arbeit. Diese helle Lampe hat eine Leuchtkraft von 500 Lumen und eine Leuchtdauer von bis zu 2 Stunden. Der gr\u00fcne LED-Modus bewahrt Ihre Nachtsicht, w\u00e4hrend der Kopf schwenkbar ist, um das Licht dorthin zu richten, wo es ben\u00f6tigt wird. Mit dem patentierten Digital Focus k\u00f6nnen Sie Ihr Sichtfeld mit einem einfachen Tastendruck erweitern oder einschr\u00e4nken. Ein verstellbares Kopfband, ein blendfreies Design und eine bruchsichere Linse bereiten Sie auf das vor, was kommt. Drei AAA-Batterien sind im Lieferumfang dieser Energizer LED-Kopflampe enthalten. Vertrauen Sie darauf, dass Energizer die versprochene Leistung erbringt &#8211; Energizer-Lampen werden getestet und entsprechen den strengen, zuverl\u00e4ssigen ANSI-Normen.<\/p>\n","protected":false},"featured_media":0,"comment_status":"open","ping_status":"closed","template":"","meta":{"_acf_changed":false},"product_brand":[],"product_cat":[43],"product_tag":[],"class_list":{"0":"post-5415","1":"product","2":"type-product","3":"status-publish","5":"product_cat-hands-free","6":"pa_uses-outdoor","8":"first","9":"instock","10":"shipping-taxable","11":"product-type-simple"},"acf":[],"yoast_head":"<!-- This site is optimized with the Yoast SEO plugin v27.4 - https:\/\/yoast.com\/product\/yoast-seo-wordpress\/ -->\n<title>ENR EU TIER2HDL50 450 HL OS Y25A32 - Switzerland German<\/title>\n<meta name=\"robots\" content=\"index, follow, max-snippet:-1, max-image-preview:large, max-video-preview:-1\" \/>\n<link rel=\"canonical\" href=\"https:\/\/energizer.com\/eu\/switzerland_de\/product\/enr-eu-tier2hdl50-450-hl-os-y25a32\/\" \/>\n<meta property=\"og:locale\" content=\"en_US\" \/>\n<meta property=\"og:type\" content=\"article\" \/>\n<meta property=\"og:title\" content=\"ENR EU TIER2HDL50 450 HL OS Y25A32 - Switzerland German\" \/>\n<meta property=\"og:description\" content=\"Wenn Sie die H\u00e4nde frei haben m\u00fcssen, bietet die Energizer HDL50 LED-Kopflampe helles Licht mit hohem CRI f\u00fcr klare Farbdefinition. Die kompakte Stirnlampe ist leicht, wasser- und staubdicht, so dass Sie sie \u00fcberallhin mitnehmen k\u00f6nnen - in den Regen, auf eine Baustelle oder einfach in den Keller. Die perfekte Stirnlampe f\u00fcr zu Hause und bei der Arbeit. Diese helle Lampe hat eine Leuchtkraft von 500 Lumen und eine Leuchtdauer von bis zu 2 Stunden. Der gr\u00fcne LED-Modus bewahrt Ihre Nachtsicht, w\u00e4hrend der Kopf schwenkbar ist, um das Licht dorthin zu richten, wo es ben\u00f6tigt wird. Mit dem patentierten Digital Focus k\u00f6nnen Sie Ihr Sichtfeld mit einem einfachen Tastendruck erweitern oder einschr\u00e4nken. Ein verstellbares Kopfband, ein blendfreies Design und eine bruchsichere Linse bereiten Sie auf das vor, was kommt. Drei AAA-Batterien sind im Lieferumfang dieser Energizer LED-Kopflampe enthalten. Vertrauen Sie darauf, dass Energizer die versprochene Leistung erbringt - Energizer-Lampen werden getestet und entsprechen den strengen, zuverl\u00e4ssigen ANSI-Normen.\" \/>\n<meta property=\"og:url\" content=\"https:\/\/energizer.com\/eu\/switzerland_de\/product\/enr-eu-tier2hdl50-450-hl-os-y25a32\/\" \/>\n<meta property=\"og:site_name\" content=\"Switzerland German\" \/>\n<meta property=\"article:modified_time\" content=\"2024-08-23T09:35:51+00:00\" \/>\n<meta name=\"twitter:card\" content=\"summary_large_image\" \/>\n<script type=\"application\/ld+json\" class=\"yoast-schema-graph\">{\"@context\":\"https:\\\/\\\/schema.org\",\"@graph\":[{\"@type\":\"WebPage\",\"@id\":\"https:\\\/\\\/energizer.com\\\/eu\\\/switzerland_de\\\/product\\\/enr-eu-tier2hdl50-450-hl-os-y25a32\\\/\",\"url\":\"https:\\\/\\\/energizer.com\\\/eu\\\/switzerland_de\\\/product\\\/enr-eu-tier2hdl50-450-hl-os-y25a32\\\/\",\"name\":\"ENR EU TIER2HDL50 450 HL OS Y25A32 - Switzerland German\",\"isPartOf\":{\"@id\":\"https:\\\/\\\/energizer.com\\\/eu\\\/switzerland_de\\\/#website\"},\"datePublished\":\"2024-05-22T09:35:35+00:00\",\"dateModified\":\"2024-08-23T09:35:51+00:00\",\"breadcrumb\":{\"@id\":\"https:\\\/\\\/energizer.com\\\/eu\\\/switzerland_de\\\/product\\\/enr-eu-tier2hdl50-450-hl-os-y25a32\\\/#breadcrumb\"},\"inLanguage\":\"en-US\",\"potentialAction\":[{\"@type\":\"ReadAction\",\"target\":[\"https:\\\/\\\/energizer.com\\\/eu\\\/switzerland_de\\\/product\\\/enr-eu-tier2hdl50-450-hl-os-y25a32\\\/\"]}]},{\"@type\":\"BreadcrumbList\",\"@id\":\"https:\\\/\\\/energizer.com\\\/eu\\\/switzerland_de\\\/product\\\/enr-eu-tier2hdl50-450-hl-os-y25a32\\\/#breadcrumb\",\"itemListElement\":[{\"@type\":\"ListItem\",\"position\":1,\"name\":\"Home\",\"item\":\"https:\\\/\\\/energizer.com\\\/eu\\\/switzerland_de\\\/\"},{\"@type\":\"ListItem\",\"position\":2,\"name\":\"ENR EU TIER2HDL50 450 HL OS Y25A32\"}]},{\"@type\":\"WebSite\",\"@id\":\"https:\\\/\\\/energizer.com\\\/eu\\\/switzerland_de\\\/#website\",\"url\":\"https:\\\/\\\/energizer.com\\\/eu\\\/switzerland_de\\\/\",\"name\":\"Energizer Switzerland (DE)\",\"description\":\"\",\"publisher\":{\"@id\":\"https:\\\/\\\/energizer.com\\\/eu\\\/switzerland_de\\\/#organization\"},\"potentialAction\":[{\"@type\":\"SearchAction\",\"target\":{\"@type\":\"EntryPoint\",\"urlTemplate\":\"https:\\\/\\\/energizer.com\\\/eu\\\/switzerland_de\\\/?s={search_term_string}\"},\"query-input\":{\"@type\":\"PropertyValueSpecification\",\"valueRequired\":true,\"valueName\":\"search_term_string\"}}],\"inLanguage\":\"en-US\"},{\"@type\":\"Organization\",\"@id\":\"https:\\\/\\\/energizer.com\\\/eu\\\/switzerland_de\\\/#organization\",\"name\":\"Energizer Switzerland (DE)\",\"url\":\"https:\\\/\\\/energizer.com\\\/eu\\\/switzerland_de\\\/\",\"logo\":{\"@type\":\"ImageObject\",\"inLanguage\":\"en-US\",\"@id\":\"https:\\\/\\\/energizer.com\\\/eu\\\/switzerland_de\\\/#\\\/schema\\\/logo\\\/image\\\/\",\"url\":\"https:\\\/\\\/energizer.com\\\/eu\\\/switzerland_de\\\/wp-content\\\/uploads\\\/sites\\\/55\\\/2024\\\/04\\\/Energizer_brand.png\",\"contentUrl\":\"https:\\\/\\\/energizer.com\\\/eu\\\/switzerland_de\\\/wp-content\\\/uploads\\\/sites\\\/55\\\/2024\\\/04\\\/Energizer_brand.png\",\"width\":267,\"height\":100,\"caption\":\"Energizer Switzerland (DE)\"},\"image\":{\"@id\":\"https:\\\/\\\/energizer.com\\\/eu\\\/switzerland_de\\\/#\\\/schema\\\/logo\\\/image\\\/\"}}]}<\/script>\n<!-- \/ Yoast SEO plugin. -->","yoast_head_json":{"title":"ENR EU TIER2HDL50 450 HL OS Y25A32 - Switzerland German","robots":{"index":"index","follow":"follow","max-snippet":"max-snippet:-1","max-image-preview":"max-image-preview:large","max-video-preview":"max-video-preview:-1"},"canonical":"https:\/\/energizer.com\/eu\/switzerland_de\/product\/enr-eu-tier2hdl50-450-hl-os-y25a32\/","og_locale":"en_US","og_type":"article","og_title":"ENR EU TIER2HDL50 450 HL OS Y25A32 - Switzerland German","og_description":"Wenn Sie die H\u00e4nde frei haben m\u00fcssen, bietet die Energizer HDL50 LED-Kopflampe helles Licht mit hohem CRI f\u00fcr klare Farbdefinition. Die kompakte Stirnlampe ist leicht, wasser- und staubdicht, so dass Sie sie \u00fcberallhin mitnehmen k\u00f6nnen - in den Regen, auf eine Baustelle oder einfach in den Keller. Die perfekte Stirnlampe f\u00fcr zu Hause und bei der Arbeit. Diese helle Lampe hat eine Leuchtkraft von 500 Lumen und eine Leuchtdauer von bis zu 2 Stunden. Der gr\u00fcne LED-Modus bewahrt Ihre Nachtsicht, w\u00e4hrend der Kopf schwenkbar ist, um das Licht dorthin zu richten, wo es ben\u00f6tigt wird. Mit dem patentierten Digital Focus k\u00f6nnen Sie Ihr Sichtfeld mit einem einfachen Tastendruck erweitern oder einschr\u00e4nken. Ein verstellbares Kopfband, ein blendfreies Design und eine bruchsichere Linse bereiten Sie auf das vor, was kommt. Drei AAA-Batterien sind im Lieferumfang dieser Energizer LED-Kopflampe enthalten. Vertrauen Sie darauf, dass Energizer die versprochene Leistung erbringt - Energizer-Lampen werden getestet und entsprechen den strengen, zuverl\u00e4ssigen ANSI-Normen.","og_url":"https:\/\/energizer.com\/eu\/switzerland_de\/product\/enr-eu-tier2hdl50-450-hl-os-y25a32\/","og_site_name":"Switzerland German","article_modified_time":"2024-08-23T09:35:51+00:00","twitter_card":"summary_large_image","schema":{"@context":"https:\/\/schema.org","@graph":[{"@type":"WebPage","@id":"https:\/\/energizer.com\/eu\/switzerland_de\/product\/enr-eu-tier2hdl50-450-hl-os-y25a32\/","url":"https:\/\/energizer.com\/eu\/switzerland_de\/product\/enr-eu-tier2hdl50-450-hl-os-y25a32\/","name":"ENR EU TIER2HDL50 450 HL OS Y25A32 - Switzerland German","isPartOf":{"@id":"https:\/\/energizer.com\/eu\/switzerland_de\/#website"},"datePublished":"2024-05-22T09:35:35+00:00","dateModified":"2024-08-23T09:35:51+00:00","breadcrumb":{"@id":"https:\/\/energizer.com\/eu\/switzerland_de\/product\/enr-eu-tier2hdl50-450-hl-os-y25a32\/#breadcrumb"},"inLanguage":"en-US","potentialAction":[{"@type":"ReadAction","target":["https:\/\/energizer.com\/eu\/switzerland_de\/product\/enr-eu-tier2hdl50-450-hl-os-y25a32\/"]}]},{"@type":"BreadcrumbList","@id":"https:\/\/energizer.com\/eu\/switzerland_de\/product\/enr-eu-tier2hdl50-450-hl-os-y25a32\/#breadcrumb","itemListElement":[{"@type":"ListItem","position":1,"name":"Home","item":"https:\/\/energizer.com\/eu\/switzerland_de\/"},{"@type":"ListItem","position":2,"name":"ENR EU TIER2HDL50 450 HL OS Y25A32"}]},{"@type":"WebSite","@id":"https:\/\/energizer.com\/eu\/switzerland_de\/#website","url":"https:\/\/energizer.com\/eu\/switzerland_de\/","name":"Energizer Switzerland (DE)","description":"","publisher":{"@id":"https:\/\/energizer.com\/eu\/switzerland_de\/#organization"},"potentialAction":[{"@type":"SearchAction","target":{"@type":"EntryPoint","urlTemplate":"https:\/\/energizer.com\/eu\/switzerland_de\/?s={search_term_string}"},"query-input":{"@type":"PropertyValueSpecification","valueRequired":true,"valueName":"search_term_string"}}],"inLanguage":"en-US"},{"@type":"Organization","@id":"https:\/\/energizer.com\/eu\/switzerland_de\/#organization","name":"Energizer Switzerland (DE)","url":"https:\/\/energizer.com\/eu\/switzerland_de\/","logo":{"@type":"ImageObject","inLanguage":"en-US","@id":"https:\/\/energizer.com\/eu\/switzerland_de\/#\/schema\/logo\/image\/","url":"https:\/\/energizer.com\/eu\/switzerland_de\/wp-content\/uploads\/sites\/55\/2024\/04\/Energizer_brand.png","contentUrl":"https:\/\/energizer.com\/eu\/switzerland_de\/wp-content\/uploads\/sites\/55\/2024\/04\/Energizer_brand.png","width":267,"height":100,"caption":"Energizer Switzerland (DE)"},"image":{"@id":"https:\/\/energizer.com\/eu\/switzerland_de\/#\/schema\/logo\/image\/"}}]}},"_links":{"self":[{"href":"https:\/\/energizer.com\/eu\/switzerland_de\/wp-json\/wp\/v2\/product\/5415","targetHints":{"allow":["GET"]}}],"collection":[{"href":"https:\/\/energizer.com\/eu\/switzerland_de\/wp-json\/wp\/v2\/product"}],"about":[{"href":"https:\/\/energizer.com\/eu\/switzerland_de\/wp-json\/wp\/v2\/types\/product"}],"replies":[{"embeddable":true,"href":"https:\/\/energizer.com\/eu\/switzerland_de\/wp-json\/wp\/v2\/comments?post=5415"}],"version-history":[{"count":3,"href":"https:\/\/energizer.com\/eu\/switzerland_de\/wp-json\/wp\/v2\/product\/5415\/revisions"}],"predecessor-version":[{"id":7943,"href":"https:\/\/energizer.com\/eu\/switzerland_de\/wp-json\/wp\/v2\/product\/5415\/revisions\/7943"}],"wp:attachment":[{"href":"https:\/\/energizer.com\/eu\/switzerland_de\/wp-json\/wp\/v2\/media?parent=5415"}],"wp:term":[{"taxonomy":"product_brand","embeddable":true,"href":"https:\/\/energizer.com\/eu\/switzerland_de\/wp-json\/wp\/v2\/product_brand?post=5415"},{"taxonomy":"product_cat","embeddable":true,"href":"https:\/\/energizer.com\/eu\/switzerland_de\/wp-json\/wp\/v2\/product_cat?post=5415"},{"taxonomy":"product_tag","embeddable":true,"href":"https:\/\/energizer.com\/eu\/switzerland_de\/wp-json\/wp\/v2\/product_tag?post=5415"}],"curies":[{"name":"wp","href":"https:\/\/api.w.org\/{rel}","templated":true}]}}