{"id":5419,"date":"2024-05-22T09:55:24","date_gmt":"2024-05-22T09:55:24","guid":{"rendered":"https:\/\/23b13e8ab3.nxcli.io\/switzerland-german\/?post_type=product&#038;p=5419"},"modified":"2024-08-23T09:35:47","modified_gmt":"2024-08-23T09:35:47","slug":"energizer-pro-series-headlight80-650","status":"publish","type":"product","link":"https:\/\/energizer.com\/eu\/switzerland_de\/product\/energizer-pro-series-headlight80-650\/","title":{"rendered":"Energizer PRO SERIES Headlight80 650"},"content":{"rendered":"<ul>\n<li>Energizer Pro Series Multi-Colour Hybrid-Stirnlampe mit bruchsicherer Linse<\/li>\n<li>LED-Technologie: Diese leistungsstarke, freih\u00e4ndige Taschenlampe mit 650 Lumen bietet 12-mal helleres Licht als herk\u00f6mmliche LED-Technologie, ideal f\u00fcr professionelle oder Heimwerkerprojekte<\/li>\n<li>Hybrid-Stromversorgung: Die leichte und einfach zu bedienende Taschenlampe wird sowohl mit Akkus als auch mit 4xAAA-Batterien betrieben<\/li>\n<li>7 Lichtmodi: W\u00e4hlen Sie einen Modus, der Ihren Lichtbed\u00fcrfnissen entspricht: hoch, mittel, niedrig, dimmend, gr\u00fcn, rot oder rot blinkend<\/li>\n<li>Langlebige Konstruktion: Diese leichte Hybrid-Taschenlampe ist wasserdicht mit einer bruchsicheren Linse und h\u00e4lt einem Fall aus 2 Metern H\u00f6he stand<\/li>\n<li>Vielseitiges Hands-Free-Licht: Die kompakte, wasserdichte Kopftaschenlampe verf\u00fcgt \u00fcber ein verstellbares Kopfband, ein blendfreies Design und einen schwenkbaren Kopf<\/li>\n<li>Stundenlange Laufzeit:\u202f\u202fDie langlebige und effektive Kopftaschenlampe leuchtet bis zu 35 Stunden im Energiesparmodus* *mit Lithium-Ionen-Akku<\/li>\n<\/ul>\n","protected":false},"excerpt":{"rendered":"<p>Mit dieser leichten und vielseitigen Stirnlampe haben Sie die H\u00e4nde frei &#8211; egal, ob es sich um ein professionelles oder ein Heimwerkerprojekt handelt. Die Energizer Multi-Coloured Hybrid Headlamp ist sowohl kompakt als auch freih\u00e4ndig. Sie leuchtet Ihnen bei jeder Aktivit\u00e4t den Weg, egal ob Sie an einem professionellen Projekt arbeiten, im Auto sitzen, campen, wandern oder nach Sonnenuntergang joggen gehen. Diese leistungsstarke 650-Lumen-Kopflampe der Pro-Serie verf\u00fcgt \u00fcber einen verstellbaren Gurt und einen schwenkbaren Kopf mit Blendschutz, der selbst die dunkelsten R\u00e4ume ausleuchtet und die L\u00e4nge eines Stadionfelds ausleuchtet. Au\u00dferdem ist sie mit langlebiger und energieeffizienter LED-Technologie ausgestattet, die ein 12-mal helleres Licht als Standard-LEDs bietet. Mit der fortschrittlichen Dimmfunktion k\u00f6nnen Sie die Lichtintensit\u00e4t der Arbeits- oder Wandertaschenlampe ganz einfach steuern und den perfekten Modus f\u00fcr Ihre Aktivit\u00e4t w\u00e4hlen &#8211; von hoch, mittel, niedrig, dimmend, gr\u00fcn und rot (einschlie\u00dflich rot blinkend), um im Dunkeln besser sehen zu k\u00f6nnen. Und mit der Anzeige f\u00fcr niedrigen Batteriestand k\u00f6nnen Sie ganz einfach feststellen, wann der Batteriestand niedrig ist. Diese wasserdichte Kopftaschenlampe mit bruchsicherer Linse hat ein praktisches Design und eine robuste Konstruktion, die optimalen Komfort und Vielseitigkeit f\u00fcr jedes In- oder Outdoor-Abenteuer bietet. Energizer ist seit \u00fcber 120 Jahren ein Wegbereiter f\u00fcr tragbare Beleuchtung und brachte 1970 die erste wasserdichte Taschenlampe der Welt auf den Markt. Energizer macht es Ihnen leicht, Ihren Weg zu beleuchten.<\/p>\n","protected":false},"featured_media":0,"comment_status":"open","ping_status":"closed","template":"","meta":{"_acf_changed":false},"product_brand":[],"product_cat":[43],"product_tag":[],"class_list":{"0":"post-5419","1":"product","2":"type-product","3":"status-publish","5":"product_cat-hands-free","6":"pa_uses-outdoor","8":"first","9":"instock","10":"shipping-taxable","11":"product-type-simple"},"acf":[],"yoast_head":"<!-- This site is optimized with the Yoast SEO plugin v27.4 - https:\/\/yoast.com\/product\/yoast-seo-wordpress\/ -->\n<title>Energizer PRO SERIES Headlight80 650 - Switzerland German<\/title>\n<meta name=\"robots\" content=\"index, follow, max-snippet:-1, max-image-preview:large, max-video-preview:-1\" \/>\n<link rel=\"canonical\" href=\"https:\/\/energizer.com\/eu\/switzerland_de\/product\/energizer-pro-series-headlight80-650\/\" \/>\n<meta property=\"og:locale\" content=\"en_US\" \/>\n<meta property=\"og:type\" content=\"article\" \/>\n<meta property=\"og:title\" content=\"Energizer PRO SERIES Headlight80 650 - Switzerland German\" \/>\n<meta property=\"og:description\" content=\"Mit dieser leichten und vielseitigen Stirnlampe haben Sie die H\u00e4nde frei - egal, ob es sich um ein professionelles oder ein Heimwerkerprojekt handelt. Die Energizer Multi-Coloured Hybrid Headlamp ist sowohl kompakt als auch freih\u00e4ndig. Sie leuchtet Ihnen bei jeder Aktivit\u00e4t den Weg, egal ob Sie an einem professionellen Projekt arbeiten, im Auto sitzen, campen, wandern oder nach Sonnenuntergang joggen gehen. Diese leistungsstarke 650-Lumen-Kopflampe der Pro-Serie verf\u00fcgt \u00fcber einen verstellbaren Gurt und einen schwenkbaren Kopf mit Blendschutz, der selbst die dunkelsten R\u00e4ume ausleuchtet und die L\u00e4nge eines Stadionfelds ausleuchtet. Au\u00dferdem ist sie mit langlebiger und energieeffizienter LED-Technologie ausgestattet, die ein 12-mal helleres Licht als Standard-LEDs bietet. Mit der fortschrittlichen Dimmfunktion k\u00f6nnen Sie die Lichtintensit\u00e4t der Arbeits- oder Wandertaschenlampe ganz einfach steuern und den perfekten Modus f\u00fcr Ihre Aktivit\u00e4t w\u00e4hlen - von hoch, mittel, niedrig, dimmend, gr\u00fcn und rot (einschlie\u00dflich rot blinkend), um im Dunkeln besser sehen zu k\u00f6nnen. Und mit der Anzeige f\u00fcr niedrigen Batteriestand k\u00f6nnen Sie ganz einfach feststellen, wann der Batteriestand niedrig ist. Diese wasserdichte Kopftaschenlampe mit bruchsicherer Linse hat ein praktisches Design und eine robuste Konstruktion, die optimalen Komfort und Vielseitigkeit f\u00fcr jedes In- oder Outdoor-Abenteuer bietet. Energizer ist seit \u00fcber 120 Jahren ein Wegbereiter f\u00fcr tragbare Beleuchtung und brachte 1970 die erste wasserdichte Taschenlampe der Welt auf den Markt. Energizer macht es Ihnen leicht, Ihren Weg zu beleuchten.\" \/>\n<meta property=\"og:url\" content=\"https:\/\/energizer.com\/eu\/switzerland_de\/product\/energizer-pro-series-headlight80-650\/\" \/>\n<meta property=\"og:site_name\" content=\"Switzerland German\" \/>\n<meta property=\"article:modified_time\" content=\"2024-08-23T09:35:47+00:00\" \/>\n<meta name=\"twitter:card\" content=\"summary_large_image\" \/>\n<script type=\"application\/ld+json\" class=\"yoast-schema-graph\">{\"@context\":\"https:\\\/\\\/schema.org\",\"@graph\":[{\"@type\":\"WebPage\",\"@id\":\"https:\\\/\\\/energizer.com\\\/eu\\\/switzerland_de\\\/product\\\/energizer-pro-series-headlight80-650\\\/\",\"url\":\"https:\\\/\\\/energizer.com\\\/eu\\\/switzerland_de\\\/product\\\/energizer-pro-series-headlight80-650\\\/\",\"name\":\"Energizer PRO SERIES Headlight80 650 - Switzerland German\",\"isPartOf\":{\"@id\":\"https:\\\/\\\/energizer.com\\\/eu\\\/switzerland_de\\\/#website\"},\"datePublished\":\"2024-05-22T09:55:24+00:00\",\"dateModified\":\"2024-08-23T09:35:47+00:00\",\"breadcrumb\":{\"@id\":\"https:\\\/\\\/energizer.com\\\/eu\\\/switzerland_de\\\/product\\\/energizer-pro-series-headlight80-650\\\/#breadcrumb\"},\"inLanguage\":\"en-US\",\"potentialAction\":[{\"@type\":\"ReadAction\",\"target\":[\"https:\\\/\\\/energizer.com\\\/eu\\\/switzerland_de\\\/product\\\/energizer-pro-series-headlight80-650\\\/\"]}]},{\"@type\":\"BreadcrumbList\",\"@id\":\"https:\\\/\\\/energizer.com\\\/eu\\\/switzerland_de\\\/product\\\/energizer-pro-series-headlight80-650\\\/#breadcrumb\",\"itemListElement\":[{\"@type\":\"ListItem\",\"position\":1,\"name\":\"Home\",\"item\":\"https:\\\/\\\/energizer.com\\\/eu\\\/switzerland_de\\\/\"},{\"@type\":\"ListItem\",\"position\":2,\"name\":\"Energizer PRO SERIES Headlight80 650\"}]},{\"@type\":\"WebSite\",\"@id\":\"https:\\\/\\\/energizer.com\\\/eu\\\/switzerland_de\\\/#website\",\"url\":\"https:\\\/\\\/energizer.com\\\/eu\\\/switzerland_de\\\/\",\"name\":\"Energizer Switzerland (DE)\",\"description\":\"\",\"publisher\":{\"@id\":\"https:\\\/\\\/energizer.com\\\/eu\\\/switzerland_de\\\/#organization\"},\"potentialAction\":[{\"@type\":\"SearchAction\",\"target\":{\"@type\":\"EntryPoint\",\"urlTemplate\":\"https:\\\/\\\/energizer.com\\\/eu\\\/switzerland_de\\\/?s={search_term_string}\"},\"query-input\":{\"@type\":\"PropertyValueSpecification\",\"valueRequired\":true,\"valueName\":\"search_term_string\"}}],\"inLanguage\":\"en-US\"},{\"@type\":\"Organization\",\"@id\":\"https:\\\/\\\/energizer.com\\\/eu\\\/switzerland_de\\\/#organization\",\"name\":\"Energizer Switzerland (DE)\",\"url\":\"https:\\\/\\\/energizer.com\\\/eu\\\/switzerland_de\\\/\",\"logo\":{\"@type\":\"ImageObject\",\"inLanguage\":\"en-US\",\"@id\":\"https:\\\/\\\/energizer.com\\\/eu\\\/switzerland_de\\\/#\\\/schema\\\/logo\\\/image\\\/\",\"url\":\"https:\\\/\\\/energizer.com\\\/eu\\\/switzerland_de\\\/wp-content\\\/uploads\\\/sites\\\/55\\\/2024\\\/04\\\/Energizer_brand.png\",\"contentUrl\":\"https:\\\/\\\/energizer.com\\\/eu\\\/switzerland_de\\\/wp-content\\\/uploads\\\/sites\\\/55\\\/2024\\\/04\\\/Energizer_brand.png\",\"width\":267,\"height\":100,\"caption\":\"Energizer Switzerland (DE)\"},\"image\":{\"@id\":\"https:\\\/\\\/energizer.com\\\/eu\\\/switzerland_de\\\/#\\\/schema\\\/logo\\\/image\\\/\"}}]}<\/script>\n<!-- \/ Yoast SEO plugin. -->","yoast_head_json":{"title":"Energizer PRO SERIES Headlight80 650 - Switzerland German","robots":{"index":"index","follow":"follow","max-snippet":"max-snippet:-1","max-image-preview":"max-image-preview:large","max-video-preview":"max-video-preview:-1"},"canonical":"https:\/\/energizer.com\/eu\/switzerland_de\/product\/energizer-pro-series-headlight80-650\/","og_locale":"en_US","og_type":"article","og_title":"Energizer PRO SERIES Headlight80 650 - Switzerland German","og_description":"Mit dieser leichten und vielseitigen Stirnlampe haben Sie die H\u00e4nde frei - egal, ob es sich um ein professionelles oder ein Heimwerkerprojekt handelt. Die Energizer Multi-Coloured Hybrid Headlamp ist sowohl kompakt als auch freih\u00e4ndig. Sie leuchtet Ihnen bei jeder Aktivit\u00e4t den Weg, egal ob Sie an einem professionellen Projekt arbeiten, im Auto sitzen, campen, wandern oder nach Sonnenuntergang joggen gehen. Diese leistungsstarke 650-Lumen-Kopflampe der Pro-Serie verf\u00fcgt \u00fcber einen verstellbaren Gurt und einen schwenkbaren Kopf mit Blendschutz, der selbst die dunkelsten R\u00e4ume ausleuchtet und die L\u00e4nge eines Stadionfelds ausleuchtet. Au\u00dferdem ist sie mit langlebiger und energieeffizienter LED-Technologie ausgestattet, die ein 12-mal helleres Licht als Standard-LEDs bietet. Mit der fortschrittlichen Dimmfunktion k\u00f6nnen Sie die Lichtintensit\u00e4t der Arbeits- oder Wandertaschenlampe ganz einfach steuern und den perfekten Modus f\u00fcr Ihre Aktivit\u00e4t w\u00e4hlen - von hoch, mittel, niedrig, dimmend, gr\u00fcn und rot (einschlie\u00dflich rot blinkend), um im Dunkeln besser sehen zu k\u00f6nnen. Und mit der Anzeige f\u00fcr niedrigen Batteriestand k\u00f6nnen Sie ganz einfach feststellen, wann der Batteriestand niedrig ist. Diese wasserdichte Kopftaschenlampe mit bruchsicherer Linse hat ein praktisches Design und eine robuste Konstruktion, die optimalen Komfort und Vielseitigkeit f\u00fcr jedes In- oder Outdoor-Abenteuer bietet. Energizer ist seit \u00fcber 120 Jahren ein Wegbereiter f\u00fcr tragbare Beleuchtung und brachte 1970 die erste wasserdichte Taschenlampe der Welt auf den Markt. Energizer macht es Ihnen leicht, Ihren Weg zu beleuchten.","og_url":"https:\/\/energizer.com\/eu\/switzerland_de\/product\/energizer-pro-series-headlight80-650\/","og_site_name":"Switzerland German","article_modified_time":"2024-08-23T09:35:47+00:00","twitter_card":"summary_large_image","schema":{"@context":"https:\/\/schema.org","@graph":[{"@type":"WebPage","@id":"https:\/\/energizer.com\/eu\/switzerland_de\/product\/energizer-pro-series-headlight80-650\/","url":"https:\/\/energizer.com\/eu\/switzerland_de\/product\/energizer-pro-series-headlight80-650\/","name":"Energizer PRO SERIES Headlight80 650 - Switzerland German","isPartOf":{"@id":"https:\/\/energizer.com\/eu\/switzerland_de\/#website"},"datePublished":"2024-05-22T09:55:24+00:00","dateModified":"2024-08-23T09:35:47+00:00","breadcrumb":{"@id":"https:\/\/energizer.com\/eu\/switzerland_de\/product\/energizer-pro-series-headlight80-650\/#breadcrumb"},"inLanguage":"en-US","potentialAction":[{"@type":"ReadAction","target":["https:\/\/energizer.com\/eu\/switzerland_de\/product\/energizer-pro-series-headlight80-650\/"]}]},{"@type":"BreadcrumbList","@id":"https:\/\/energizer.com\/eu\/switzerland_de\/product\/energizer-pro-series-headlight80-650\/#breadcrumb","itemListElement":[{"@type":"ListItem","position":1,"name":"Home","item":"https:\/\/energizer.com\/eu\/switzerland_de\/"},{"@type":"ListItem","position":2,"name":"Energizer PRO SERIES Headlight80 650"}]},{"@type":"WebSite","@id":"https:\/\/energizer.com\/eu\/switzerland_de\/#website","url":"https:\/\/energizer.com\/eu\/switzerland_de\/","name":"Energizer Switzerland (DE)","description":"","publisher":{"@id":"https:\/\/energizer.com\/eu\/switzerland_de\/#organization"},"potentialAction":[{"@type":"SearchAction","target":{"@type":"EntryPoint","urlTemplate":"https:\/\/energizer.com\/eu\/switzerland_de\/?s={search_term_string}"},"query-input":{"@type":"PropertyValueSpecification","valueRequired":true,"valueName":"search_term_string"}}],"inLanguage":"en-US"},{"@type":"Organization","@id":"https:\/\/energizer.com\/eu\/switzerland_de\/#organization","name":"Energizer Switzerland (DE)","url":"https:\/\/energizer.com\/eu\/switzerland_de\/","logo":{"@type":"ImageObject","inLanguage":"en-US","@id":"https:\/\/energizer.com\/eu\/switzerland_de\/#\/schema\/logo\/image\/","url":"https:\/\/energizer.com\/eu\/switzerland_de\/wp-content\/uploads\/sites\/55\/2024\/04\/Energizer_brand.png","contentUrl":"https:\/\/energizer.com\/eu\/switzerland_de\/wp-content\/uploads\/sites\/55\/2024\/04\/Energizer_brand.png","width":267,"height":100,"caption":"Energizer Switzerland (DE)"},"image":{"@id":"https:\/\/energizer.com\/eu\/switzerland_de\/#\/schema\/logo\/image\/"}}]}},"_links":{"self":[{"href":"https:\/\/energizer.com\/eu\/switzerland_de\/wp-json\/wp\/v2\/product\/5419","targetHints":{"allow":["GET"]}}],"collection":[{"href":"https:\/\/energizer.com\/eu\/switzerland_de\/wp-json\/wp\/v2\/product"}],"about":[{"href":"https:\/\/energizer.com\/eu\/switzerland_de\/wp-json\/wp\/v2\/types\/product"}],"replies":[{"embeddable":true,"href":"https:\/\/energizer.com\/eu\/switzerland_de\/wp-json\/wp\/v2\/comments?post=5419"}],"version-history":[{"count":4,"href":"https:\/\/energizer.com\/eu\/switzerland_de\/wp-json\/wp\/v2\/product\/5419\/revisions"}],"predecessor-version":[{"id":9104,"href":"https:\/\/energizer.com\/eu\/switzerland_de\/wp-json\/wp\/v2\/product\/5419\/revisions\/9104"}],"wp:attachment":[{"href":"https:\/\/energizer.com\/eu\/switzerland_de\/wp-json\/wp\/v2\/media?parent=5419"}],"wp:term":[{"taxonomy":"product_brand","embeddable":true,"href":"https:\/\/energizer.com\/eu\/switzerland_de\/wp-json\/wp\/v2\/product_brand?post=5419"},{"taxonomy":"product_cat","embeddable":true,"href":"https:\/\/energizer.com\/eu\/switzerland_de\/wp-json\/wp\/v2\/product_cat?post=5419"},{"taxonomy":"product_tag","embeddable":true,"href":"https:\/\/energizer.com\/eu\/switzerland_de\/wp-json\/wp\/v2\/product_tag?post=5419"}],"curies":[{"name":"wp","href":"https:\/\/api.w.org\/{rel}","templated":true}]}}