{"id":9742,"date":"2024-08-09T12:07:09","date_gmt":"2024-08-09T12:07:09","guid":{"rendered":"https:\/\/c487eefeea.nxcli.io\/chile\/?post_type=product&#038;p=9742"},"modified":"2024-08-09T12:07:09","modified_gmt":"2024-08-09T12:07:09","slug":"energizer-hard-case-rechargable-1000","status":"publish","type":"product","link":"https:\/\/energizer.com\/lat\/chile\/product\/energizer-hard-case-rechargable-1000\/","title":{"rendered":"Energizer Hard Case Rechargable 1000"},"content":{"rendered":"<ul>\n<li>Una poderosa fuente de luz que funciona con 6 pilas AA, que pueden ser desechables o recargables (incluidas 6 pilas AA Energizer Recharge\u00ae). Incluye cable de carga y cargador para auto.<\/li>\n<li>Poderosamente brillante con hasta 1000 l\u00famenes y un haz de larga distancia que puede abarcar hasta 4 campos de estadios (hasta 550 metros).<\/li>\n<li>La tecnolog\u00eda LED avanzada ofrece una luz brillante y uniforme para una variedad de trabajos.<\/li>\n<li>Los modos de luz personalizados le permiten maximizar la intensidad de la luz y el tiempo de ejecuci\u00f3n (hasta 6 horas y 15 minutos en alta, hasta 22 horas en baja).<\/li>\n<li>El cuerpo resistente soporta ca\u00edda de hasta 2 pisos de altura (7 metros).<\/li>\n<li>El cord\u00f3n incorporado y la cabeza plana le brindan una iluminaci\u00f3n robusta y manos libres.<\/li>\n<li>Lista para cualquier clima con su clasificaci\u00f3n IPX4 resistente al agua.<\/li>\n<\/ul>\n","protected":false},"excerpt":{"rendered":"<p>Energizer\u00ae Farol Hard Case\u00ae H\u00edbrido, donde la tecnolog\u00eda LED de larga duraci\u00f3n se encuentra con una distancia poderosa. Esta potente linterna ofrece hasta 1000 l\u00famenes de luz LED brillante con un haz de larga distancia que puede abarcar la distancia de 4 estadios (hasta 550 metros). Construida con molduras exteriores goma y acero resistente, esta linterna de trabajo duradera est\u00e1 dise\u00f1ada para soportar ca\u00eddas, patadas y golpes; todo con una clasificaci\u00f3n IPX4 resistente a la intemperie, lo que la hace confiable incluso en las condiciones m\u00e1s extremas. Vaya con las manos libres, colgando la linterna del bucle de cord\u00f3n incorporado, o g\u00edrela sobre su cabeza para obtener un robusto haz de luz. Agregue el farol Energizer\u00ae Hard Case\u00ae a su caja de herramientas y vea m\u00e1s lejos que nunca.<\/p>\n","protected":false},"featured_media":0,"comment_status":"open","ping_status":"closed","template":"","meta":{"_acf_changed":false},"product_brand":[],"product_cat":[97],"product_tag":[],"class_list":{"0":"post-9742","1":"product","2":"type-product","3":"status-publish","5":"product_cat-handheld","7":"first","8":"instock","9":"shipping-taxable","10":"product-type-simple"},"acf":[],"_links":{"self":[{"href":"https:\/\/energizer.com\/lat\/chile\/wp-json\/wp\/v2\/product\/9742","targetHints":{"allow":["GET"]}}],"collection":[{"href":"https:\/\/energizer.com\/lat\/chile\/wp-json\/wp\/v2\/product"}],"about":[{"href":"https:\/\/energizer.com\/lat\/chile\/wp-json\/wp\/v2\/types\/product"}],"replies":[{"embeddable":true,"href":"https:\/\/energizer.com\/lat\/chile\/wp-json\/wp\/v2\/comments?post=9742"}],"version-history":[{"count":1,"href":"https:\/\/energizer.com\/lat\/chile\/wp-json\/wp\/v2\/product\/9742\/revisions"}],"predecessor-version":[{"id":9743,"href":"https:\/\/energizer.com\/lat\/chile\/wp-json\/wp\/v2\/product\/9742\/revisions\/9743"}],"wp:attachment":[{"href":"https:\/\/energizer.com\/lat\/chile\/wp-json\/wp\/v2\/media?parent=9742"}],"wp:term":[{"taxonomy":"product_brand","embeddable":true,"href":"https:\/\/energizer.com\/lat\/chile\/wp-json\/wp\/v2\/product_brand?post=9742"},{"taxonomy":"product_cat","embeddable":true,"href":"https:\/\/energizer.com\/lat\/chile\/wp-json\/wp\/v2\/product_cat?post=9742"},{"taxonomy":"product_tag","embeddable":true,"href":"https:\/\/energizer.com\/lat\/chile\/wp-json\/wp\/v2\/product_tag?post=9742"}],"curies":[{"name":"wp","href":"https:\/\/api.w.org\/{rel}","templated":true}]}}