{"id":9759,"date":"2024-08-09T12:37:04","date_gmt":"2024-08-09T12:37:04","guid":{"rendered":"https:\/\/c487eefeea.nxcli.io\/chile\/?post_type=product&#038;p=9759"},"modified":"2024-09-10T13:10:15","modified_gmt":"2024-09-10T13:10:15","slug":"energizer-industrial-400","status":"publish","type":"product","link":"https:\/\/energizer.com\/lat\/chile\/product\/energizer-industrial-400\/","title":{"rendered":"Energizer Industrial 400"},"content":{"rendered":"<ul>\n<li>Ligera y c\u00f3moda, funciona con 3 pilas AAA (pilas Energizer\u00ae incluidas)<\/li>\n<li>Banda antideslizante y ajustable, perfecta para usar en cascos<\/li>\n<li>El potente haz alcanza hasta 85 metros y produce hasta 400 l\u00famenes con su tecnolog\u00eda LED<\/li>\n<li>Cambia f\u00e1cilmente entre 5 modos de luz: alto, bajo, punto completo, inundaci\u00f3n completa y visi\u00f3n nocturna (rojo) para iluminaci\u00f3n exterior en cualquier momento y en cualquier lugar<\/li>\n<li>Cabezal giratorio con enfoque digital que permite convenientemente que el haz se ajuste de un rango amplio a un haz enfocado<\/li>\n<li>Duradera, resiste el da\u00f1o de ca\u00eddas de hasta 1 metro de altura, para un uso sin preocupaciones, ya sea que est\u00e9 caminando, montando bicicleta o trabajando en el garaje<\/li>\n<li>Construcci\u00f3n resistente al agua IPX4 que soporta salpicaduras<\/li>\n<li>Funciona por hasta 35 horas en modo alto y 3 horas en modo bajo<\/li>\n<\/ul>\n","protected":false},"excerpt":{"rendered":"<p>Ilumina tu camino incluso en los lugares m\u00e1s oscuros con la ligera e innovadora linterna Manos Libres Energizer\u00ae Industrial de 400 l\u00famenes. Con su cabeza giratoria para luz direccional personalizable, haz de luz de hasta 85 metros y construcci\u00f3n resistente al agua IPX4, esta linterna de cabeza es la opci\u00f3n ideal para cualquier amante del aire libre o trabajadores del rubro industrial o construcci\u00f3n. Su dise\u00f1o inteligente le permite elegir entre 5 modos de luz, incluyendo visi\u00f3n nocturna con su luz LED roja, ya sea para acampar, haciendo senderismo, pescando o trabajando en obras subterr\u00e1neas. Su enfoque digital le permite pasar sin problemas de luz enfocada a la luz de inundaci\u00f3n completa. Cuenta con banda antideslizante, s\u00faper c\u00f3moda y ajustable que se adapta a una variedad de tama\u00f1os, desde ni\u00f1os hasta adultos; es completamente lavable y perfecta para cascos. Con la recuperaci\u00f3n avanzada de memoria, puede volver r\u00e1pidamente a trabajar con la \u00faltima configuraci\u00f3n de enfoque que utiliz\u00f3 antes de apagarse.<br \/>\n\u00a1La linterna Manos Libres Energizer\u00ae Industrial es perfecta para todas sus aventuras!<\/p>\n","protected":false},"featured_media":0,"comment_status":"open","ping_status":"closed","template":"","meta":{"_acf_changed":false},"product_brand":[],"product_cat":[43],"product_tag":[],"class_list":{"0":"post-9759","1":"product","2":"type-product","3":"status-publish","5":"product_cat-hands-free","7":"first","8":"instock","9":"shipping-taxable","10":"product-type-simple"},"acf":[],"_links":{"self":[{"href":"https:\/\/energizer.com\/lat\/chile\/wp-json\/wp\/v2\/product\/9759","targetHints":{"allow":["GET"]}}],"collection":[{"href":"https:\/\/energizer.com\/lat\/chile\/wp-json\/wp\/v2\/product"}],"about":[{"href":"https:\/\/energizer.com\/lat\/chile\/wp-json\/wp\/v2\/types\/product"}],"replies":[{"embeddable":true,"href":"https:\/\/energizer.com\/lat\/chile\/wp-json\/wp\/v2\/comments?post=9759"}],"version-history":[{"count":2,"href":"https:\/\/energizer.com\/lat\/chile\/wp-json\/wp\/v2\/product\/9759\/revisions"}],"predecessor-version":[{"id":10128,"href":"https:\/\/energizer.com\/lat\/chile\/wp-json\/wp\/v2\/product\/9759\/revisions\/10128"}],"wp:attachment":[{"href":"https:\/\/energizer.com\/lat\/chile\/wp-json\/wp\/v2\/media?parent=9759"}],"wp:term":[{"taxonomy":"product_brand","embeddable":true,"href":"https:\/\/energizer.com\/lat\/chile\/wp-json\/wp\/v2\/product_brand?post=9759"},{"taxonomy":"product_cat","embeddable":true,"href":"https:\/\/energizer.com\/lat\/chile\/wp-json\/wp\/v2\/product_cat?post=9759"},{"taxonomy":"product_tag","embeddable":true,"href":"https:\/\/energizer.com\/lat\/chile\/wp-json\/wp\/v2\/product_tag?post=9759"}],"curies":[{"name":"wp","href":"https:\/\/api.w.org\/{rel}","templated":true}]}}