{"id":9731,"date":"2024-08-06T05:34:20","date_gmt":"2024-08-06T05:34:20","guid":{"rendered":"https:\/\/c487eefeea.nxcli.io\/ecuador\/?post_type=product&#038;p=9731"},"modified":"2024-09-30T06:57:42","modified_gmt":"2024-09-30T06:57:42","slug":"energizer-linterna-metalica","status":"publish","type":"product","link":"https:\/\/energizer.com\/lat\/ecuador\/product\/energizer-linterna-metalica\/","title":{"rendered":"Energizer Linterna Met\u00e1lica"},"content":{"rendered":"<h3>Atributos<\/h3>\n<ul>\n<li>Tama\u00f1o port\u00e1til y compacto, que encaja perfectamente en tu mano y es f\u00e1cil de transportar<\/li>\n<li>Hasta 5 veces m\u00e1s brillante que la tecnolog\u00eda LED com\u00fan<\/li>\n<li>Incluye cord\u00f3n<\/li>\n<li>Construcci\u00f3n en metal duradero<\/li>\n<li>Bot\u00f3n pulsador trasero f\u00e1cil de usar<\/li>\n<li>Intensidad de 80 l\u00famenes y distancia del haz de luz de hasta 80 metros<\/li>\n<li>Tiempo de ejecuci\u00f3n de hasta 5 horas y media<\/li>\n<li>Opera con 3 pilas AAA (no incluidas)<\/li>\n<\/ul>\n","protected":false},"excerpt":{"rendered":"<p>Atributos Tama\u00f1o port\u00e1til y compacto, que encaja perfectamente en tu mano y es f\u00e1cil de transportar Hasta 5 veces m\u00e1s brillante que la tecnolog\u00eda LED com\u00fan Incluye cord\u00f3n Construcci\u00f3n en metal duradero Bot\u00f3n pulsador trasero f\u00e1cil de usar Intensidad de 80 l\u00famenes y distancia del haz de luz de hasta 80 metros Tiempo de ejecuci\u00f3n [&hellip;]<\/p>\n","protected":false},"featured_media":0,"comment_status":"open","ping_status":"closed","template":"","meta":{"_acf_changed":false},"product_brand":[],"product_cat":[97],"product_tag":[],"class_list":{"0":"post-9731","1":"product","2":"type-product","3":"status-publish","5":"product_cat-handheld","7":"first","8":"instock","9":"shipping-taxable","10":"product-type-simple"},"acf":[],"_links":{"self":[{"href":"https:\/\/energizer.com\/lat\/ecuador\/wp-json\/wp\/v2\/product\/9731","targetHints":{"allow":["GET"]}}],"collection":[{"href":"https:\/\/energizer.com\/lat\/ecuador\/wp-json\/wp\/v2\/product"}],"about":[{"href":"https:\/\/energizer.com\/lat\/ecuador\/wp-json\/wp\/v2\/types\/product"}],"replies":[{"embeddable":true,"href":"https:\/\/energizer.com\/lat\/ecuador\/wp-json\/wp\/v2\/comments?post=9731"}],"version-history":[{"count":3,"href":"https:\/\/energizer.com\/lat\/ecuador\/wp-json\/wp\/v2\/product\/9731\/revisions"}],"predecessor-version":[{"id":10316,"href":"https:\/\/energizer.com\/lat\/ecuador\/wp-json\/wp\/v2\/product\/9731\/revisions\/10316"}],"wp:attachment":[{"href":"https:\/\/energizer.com\/lat\/ecuador\/wp-json\/wp\/v2\/media?parent=9731"}],"wp:term":[{"taxonomy":"product_brand","embeddable":true,"href":"https:\/\/energizer.com\/lat\/ecuador\/wp-json\/wp\/v2\/product_brand?post=9731"},{"taxonomy":"product_cat","embeddable":true,"href":"https:\/\/energizer.com\/lat\/ecuador\/wp-json\/wp\/v2\/product_cat?post=9731"},{"taxonomy":"product_tag","embeddable":true,"href":"https:\/\/energizer.com\/lat\/ecuador\/wp-json\/wp\/v2\/product_tag?post=9731"}],"curies":[{"name":"wp","href":"https:\/\/api.w.org\/{rel}","templated":true}]}}