{"id":4454,"date":"2024-05-16T12:33:10","date_gmt":"2024-05-16T12:33:10","guid":{"rendered":"https:\/\/c487eefeea.nxcli.io\/mexico\/?post_type=product&#038;p=4454"},"modified":"2024-08-13T06:51:31","modified_gmt":"2024-08-13T06:51:31","slug":"energizer-photo-lithium-batteries-cr2","status":"publish","type":"product","link":"https:\/\/energizer.com\/lat\/mexico\/product\/energizer-photo-lithium-batteries-cr2\/","title":{"rendered":"ENERGIZER\u00ae PHOTO LITHIUM BATTERIES \u2013 CR2"},"content":{"rendered":"<ul>\n<li>Bater\u00edas fotogr\u00e1ficas de litio Energizer CR2, que ofrecen un rendimiento duradero para tu c\u00e1mara, toma tras toma<\/li>\n<li>Compatible con los dispositivos de alta tecnolog\u00eda actuales: Las bater\u00edas Energizer Photo proporcionan un rendimiento confiable en c\u00e1maras SLR digitales, calculadoras, PCs tablet y m\u00e1s<\/li>\n<li>Listos de forma fiable cuando los necesite: Nuestras bater\u00edas fotogr\u00e1ficas CR2 mantienen la carga hasta por 10 a\u00f1os en almacenamiento, por lo que siempre podr\u00e1s tener energ\u00eda a mano<\/li>\n<li>Tipo: Litio; Voltio: 3<\/li>\n<li>Reemplazo para: DLCR2, CR15H270, KCR2<\/li>\n<li>Potente: Las bater\u00edas Energizer Photo est\u00e1n dise\u00f1adas para cumplir con los requisitos de los dispositivos de alta potencia actuales<\/li>\n<\/ul>\n","protected":false},"excerpt":{"rendered":"<p>No dejes de capturar ning\u00fan momento: Las bater\u00edas fotogr\u00e1ficas Energizer CR2 brindan un rendimiento preciso y duradero a tu c\u00e1mara SLR digital y equipo fotogr\u00e1fico. Pero no se limita a las fotos: Estas bater\u00edas de litio tambi\u00e9n pueden alimentar dispositivos de alta tecnolog\u00eda como tu calculadora, tableta y m\u00e1s. Con una vida \u00fatil de almacenamiento de hasta 10 a\u00f1os, puede estar seguro de que se mantendr\u00e1n frescos hasta que los necesites.<\/p>\n","protected":false},"featured_media":0,"comment_status":"open","ping_status":"closed","template":"","meta":{"_acf_changed":false},"product_brand":[],"product_cat":[58],"product_tag":[],"class_list":{"0":"post-4454","1":"product","2":"type-product","3":"status-publish","5":"product_cat-specialty","7":"first","8":"instock","9":"shipping-taxable","10":"product-type-simple"},"acf":[],"_links":{"self":[{"href":"https:\/\/energizer.com\/lat\/mexico\/wp-json\/wp\/v2\/product\/4454","targetHints":{"allow":["GET"]}}],"collection":[{"href":"https:\/\/energizer.com\/lat\/mexico\/wp-json\/wp\/v2\/product"}],"about":[{"href":"https:\/\/energizer.com\/lat\/mexico\/wp-json\/wp\/v2\/types\/product"}],"replies":[{"embeddable":true,"href":"https:\/\/energizer.com\/lat\/mexico\/wp-json\/wp\/v2\/comments?post=4454"}],"version-history":[{"count":9,"href":"https:\/\/energizer.com\/lat\/mexico\/wp-json\/wp\/v2\/product\/4454\/revisions"}],"predecessor-version":[{"id":9855,"href":"https:\/\/energizer.com\/lat\/mexico\/wp-json\/wp\/v2\/product\/4454\/revisions\/9855"}],"wp:attachment":[{"href":"https:\/\/energizer.com\/lat\/mexico\/wp-json\/wp\/v2\/media?parent=4454"}],"wp:term":[{"taxonomy":"product_brand","embeddable":true,"href":"https:\/\/energizer.com\/lat\/mexico\/wp-json\/wp\/v2\/product_brand?post=4454"},{"taxonomy":"product_cat","embeddable":true,"href":"https:\/\/energizer.com\/lat\/mexico\/wp-json\/wp\/v2\/product_cat?post=4454"},{"taxonomy":"product_tag","embeddable":true,"href":"https:\/\/energizer.com\/lat\/mexico\/wp-json\/wp\/v2\/product_tag?post=4454"}],"curies":[{"name":"wp","href":"https:\/\/api.w.org\/{rel}","templated":true}]}}