{"id":9709,"date":"2024-08-06T07:15:58","date_gmt":"2024-08-06T07:15:58","guid":{"rendered":"https:\/\/c487eefeea.nxcli.io\/mexico\/?post_type=product&#038;p=9709"},"modified":"2024-08-06T07:15:58","modified_gmt":"2024-08-06T07:15:58","slug":"energizer-small-light-80","status":"publish","type":"product","link":"https:\/\/energizer.com\/lat\/mexico\/product\/energizer-small-light-80\/","title":{"rendered":"Energizer Small Light 80"},"content":{"rendered":"<ul>\n<li>Tama\u00f1o port\u00e1til y compacto, que encaja perfectamente en tu mano y es f\u00e1cil de transportar<\/li>\n<li>Hasta 5 veces m\u00e1s brillante que la tecnolog\u00eda LED com\u00fan<\/li>\n<li>Incluye cord\u00f3n<\/li>\n<li>Construcci\u00f3n en metal duradero<\/li>\n<li>Bot\u00f3n pulsador trasero f\u00e1cil de usar<\/li>\n<li>Intensidad de 80 l\u00famenes y distancia del haz de luz de hasta 80 metros<\/li>\n<li>Tiempo de ejecuci\u00f3n de hasta 5 horas y media<\/li>\n<li>Opera con 3 pilas AAA (no incluidas)<\/li>\n<\/ul>\n","protected":false},"excerpt":{"rendered":"<p>Tama\u00f1o port\u00e1til y compacto, que encaja perfectamente en tu mano y es f\u00e1cil de transportar Hasta 5 veces m\u00e1s brillante que la tecnolog\u00eda LED com\u00fan Incluye cord\u00f3n Construcci\u00f3n en metal duradero Bot\u00f3n pulsador trasero f\u00e1cil de usar Intensidad de 80 l\u00famenes y distancia del haz de luz de hasta 80 metros Tiempo de ejecuci\u00f3n de [&hellip;]<\/p>\n","protected":false},"featured_media":0,"comment_status":"open","ping_status":"closed","template":"","meta":{"_acf_changed":false},"product_brand":[],"product_cat":[97],"product_tag":[],"class_list":{"0":"post-9709","1":"product","2":"type-product","3":"status-publish","5":"product_cat-handheld","7":"first","8":"instock","9":"shipping-taxable","10":"product-type-simple"},"acf":[],"_links":{"self":[{"href":"https:\/\/energizer.com\/lat\/mexico\/wp-json\/wp\/v2\/product\/9709","targetHints":{"allow":["GET"]}}],"collection":[{"href":"https:\/\/energizer.com\/lat\/mexico\/wp-json\/wp\/v2\/product"}],"about":[{"href":"https:\/\/energizer.com\/lat\/mexico\/wp-json\/wp\/v2\/types\/product"}],"replies":[{"embeddable":true,"href":"https:\/\/energizer.com\/lat\/mexico\/wp-json\/wp\/v2\/comments?post=9709"}],"version-history":[{"count":2,"href":"https:\/\/energizer.com\/lat\/mexico\/wp-json\/wp\/v2\/product\/9709\/revisions"}],"predecessor-version":[{"id":9711,"href":"https:\/\/energizer.com\/lat\/mexico\/wp-json\/wp\/v2\/product\/9709\/revisions\/9711"}],"wp:attachment":[{"href":"https:\/\/energizer.com\/lat\/mexico\/wp-json\/wp\/v2\/media?parent=9709"}],"wp:term":[{"taxonomy":"product_brand","embeddable":true,"href":"https:\/\/energizer.com\/lat\/mexico\/wp-json\/wp\/v2\/product_brand?post=9709"},{"taxonomy":"product_cat","embeddable":true,"href":"https:\/\/energizer.com\/lat\/mexico\/wp-json\/wp\/v2\/product_cat?post=9709"},{"taxonomy":"product_tag","embeddable":true,"href":"https:\/\/energizer.com\/lat\/mexico\/wp-json\/wp\/v2\/product_tag?post=9709"}],"curies":[{"name":"wp","href":"https:\/\/api.w.org\/{rel}","templated":true}]}}