{"id":10032,"date":"2024-09-11T13:24:58","date_gmt":"2024-09-11T13:24:58","guid":{"rendered":"https:\/\/energizer.com\/lat\/peru\/?post_type=product&#038;p=10032"},"modified":"2025-01-13T07:21:09","modified_gmt":"2025-01-13T07:21:09","slug":"energizer-rubber-impact-torch","status":"publish","type":"product","link":"https:\/\/energizer.com\/lat\/peru\/product\/energizer-rubber-impact-torch\/","title":{"rendered":"Energizer Rubber Impact Torch"},"content":{"rendered":"<ul>\n<li>Funciona con dos pilas AAA (incluidas)<\/li>\n<li>Construcci\u00f3n de goma duradera con agarre antideslizante<\/li>\n<li>Se fija a un cord\u00f3n o mosquet\u00f3n<\/li>\n<li>Hasta diez veces m\u00e1s brillante en<\/li>\n<li>En comparaci\u00f3n con la tecnolog\u00eda LED convencional<\/li>\n<li>Pr\u00e1ctico soporte integrado<\/li>\n<li>Tiene 60 l\u00famenes y un alcance de hasta 50 m durante un tiempo de funcionamiento de 18 horas<\/li>\n<\/ul>\n","protected":false},"excerpt":{"rendered":"<p>Funciona con dos pilas AAA (incluidas) Construcci\u00f3n de goma duradera con agarre antideslizante Se fija a un cord\u00f3n o mosquet\u00f3n Hasta diez veces m\u00e1s brillante en En comparaci\u00f3n con la tecnolog\u00eda LED convencional Pr\u00e1ctico soporte integrado Tiene 60 l\u00famenes y un alcance de hasta 50 m durante un tiempo de funcionamiento de 18 horas<\/p>\n","protected":false},"featured_media":0,"comment_status":"open","ping_status":"closed","template":"","meta":{"_acf_changed":false},"product_brand":[],"product_cat":[97],"product_tag":[],"class_list":{"0":"post-10032","1":"product","2":"type-product","3":"status-publish","5":"product_cat-handheld","7":"first","8":"instock","9":"shipping-taxable","10":"product-type-simple"},"acf":[],"_links":{"self":[{"href":"https:\/\/energizer.com\/lat\/peru\/wp-json\/wp\/v2\/product\/10032","targetHints":{"allow":["GET"]}}],"collection":[{"href":"https:\/\/energizer.com\/lat\/peru\/wp-json\/wp\/v2\/product"}],"about":[{"href":"https:\/\/energizer.com\/lat\/peru\/wp-json\/wp\/v2\/types\/product"}],"replies":[{"embeddable":true,"href":"https:\/\/energizer.com\/lat\/peru\/wp-json\/wp\/v2\/comments?post=10032"}],"version-history":[{"count":2,"href":"https:\/\/energizer.com\/lat\/peru\/wp-json\/wp\/v2\/product\/10032\/revisions"}],"predecessor-version":[{"id":10229,"href":"https:\/\/energizer.com\/lat\/peru\/wp-json\/wp\/v2\/product\/10032\/revisions\/10229"}],"wp:attachment":[{"href":"https:\/\/energizer.com\/lat\/peru\/wp-json\/wp\/v2\/media?parent=10032"}],"wp:term":[{"taxonomy":"product_brand","embeddable":true,"href":"https:\/\/energizer.com\/lat\/peru\/wp-json\/wp\/v2\/product_brand?post=10032"},{"taxonomy":"product_cat","embeddable":true,"href":"https:\/\/energizer.com\/lat\/peru\/wp-json\/wp\/v2\/product_cat?post=10032"},{"taxonomy":"product_tag","embeddable":true,"href":"https:\/\/energizer.com\/lat\/peru\/wp-json\/wp\/v2\/product_tag?post=10032"}],"curies":[{"name":"wp","href":"https:\/\/api.w.org\/{rel}","templated":true}]}}