{"id":10041,"date":"2024-09-11T13:31:01","date_gmt":"2024-09-11T13:31:01","guid":{"rendered":"https:\/\/energizer.com\/lat\/peru\/?post_type=product&#038;p=10041"},"modified":"2024-09-11T13:31:01","modified_gmt":"2024-09-11T13:31:01","slug":"energizer-fusion-compact-area-lantern","status":"publish","type":"product","link":"https:\/\/energizer.com\/lat\/peru\/product\/energizer-fusion-compact-area-lantern\/","title":{"rendered":"Energizer Fusion Compact area lantern"},"content":{"rendered":"<ul>\n<li>Compacto y ligero<\/li>\n<li>Asa resistente para transportar o colgar, se pliega para mayor estabilidad<\/li>\n<li>Resistente al agua, ideal para exteriores y camping<\/li>\n<li>La tecnolog\u00eda Light Fusion ofrece una luz de \u00e1rea vibrante y uniforme<\/li>\n<li>Luz de \u00e1rea de 360 \u200b\u200bgrados<\/li>\n<li>Modo de alta y baja intensidad<\/li>\n<li>Caracter\u00edsticas LED Tecnolog\u00eda<\/li>\n<li>Funciona con 4 pilas AA<\/li>\n<\/ul>\n","protected":false},"excerpt":{"rendered":"<p>Compacto y ligero Asa resistente para transportar o colgar, se pliega para mayor estabilidad Resistente al agua, ideal para exteriores y camping La tecnolog\u00eda Light Fusion ofrece una luz de \u00e1rea vibrante y uniforme Luz de \u00e1rea de 360 \u200b\u200bgrados Modo de alta y baja intensidad Caracter\u00edsticas LED Tecnolog\u00eda Funciona con 4 pilas AA<\/p>\n","protected":false},"featured_media":0,"comment_status":"open","ping_status":"closed","template":"","meta":{"_acf_changed":false},"product_brand":[],"product_cat":[44],"product_tag":[],"class_list":{"0":"post-10041","1":"product","2":"type-product","3":"status-publish","5":"product_cat-area","7":"first","8":"instock","9":"shipping-taxable","10":"product-type-simple"},"acf":[],"_links":{"self":[{"href":"https:\/\/energizer.com\/lat\/peru\/wp-json\/wp\/v2\/product\/10041","targetHints":{"allow":["GET"]}}],"collection":[{"href":"https:\/\/energizer.com\/lat\/peru\/wp-json\/wp\/v2\/product"}],"about":[{"href":"https:\/\/energizer.com\/lat\/peru\/wp-json\/wp\/v2\/types\/product"}],"replies":[{"embeddable":true,"href":"https:\/\/energizer.com\/lat\/peru\/wp-json\/wp\/v2\/comments?post=10041"}],"version-history":[{"count":1,"href":"https:\/\/energizer.com\/lat\/peru\/wp-json\/wp\/v2\/product\/10041\/revisions"}],"predecessor-version":[{"id":10042,"href":"https:\/\/energizer.com\/lat\/peru\/wp-json\/wp\/v2\/product\/10041\/revisions\/10042"}],"wp:attachment":[{"href":"https:\/\/energizer.com\/lat\/peru\/wp-json\/wp\/v2\/media?parent=10041"}],"wp:term":[{"taxonomy":"product_brand","embeddable":true,"href":"https:\/\/energizer.com\/lat\/peru\/wp-json\/wp\/v2\/product_brand?post=10041"},{"taxonomy":"product_cat","embeddable":true,"href":"https:\/\/energizer.com\/lat\/peru\/wp-json\/wp\/v2\/product_cat?post=10041"},{"taxonomy":"product_tag","embeddable":true,"href":"https:\/\/energizer.com\/lat\/peru\/wp-json\/wp\/v2\/product_tag?post=10041"}],"curies":[{"name":"wp","href":"https:\/\/api.w.org\/{rel}","templated":true}]}}