{"id":9961,"date":"2024-09-10T05:18:35","date_gmt":"2024-09-10T05:18:35","guid":{"rendered":"https:\/\/energizer.com\/lat\/peru\/?post_type=product&#038;p=9961"},"modified":"2024-09-11T13:28:55","modified_gmt":"2024-09-11T13:28:55","slug":"energizer-industrial-400","status":"publish","type":"product","link":"https:\/\/energizer.com\/lat\/peru\/product\/energizer-industrial-400\/","title":{"rendered":"Energizer Industrial 400"},"content":{"rendered":"<ul>\n<li>Foco digital con 5 modos de luz para visi\u00f3n directa y perif\u00e9rica<\/li>\n<li>Lentes resistentes a impactos<\/li>\n<li>Manos libres con cabezal pivotante<\/li>\n<li>LED 4 veces mas brillante que el est\u00e1ndar<\/li>\n<li>Correa antideslizante<\/li>\n<\/ul>\n","protected":false},"excerpt":{"rendered":"<p>Foco digital con 5 modos de luz para visi\u00f3n directa y perif\u00e9rica Lentes resistentes a impactos Manos libres con cabezal pivotante LED 4 veces mas brillante que el est\u00e1ndar Correa antideslizante<\/p>\n","protected":false},"featured_media":0,"comment_status":"open","ping_status":"closed","template":"","meta":{"_acf_changed":false},"product_brand":[],"product_cat":[43],"product_tag":[],"class_list":{"0":"post-9961","1":"product","2":"type-product","3":"status-publish","5":"product_cat-hands-free","7":"first","8":"instock","9":"shipping-taxable","10":"product-type-simple"},"acf":[],"_links":{"self":[{"href":"https:\/\/energizer.com\/lat\/peru\/wp-json\/wp\/v2\/product\/9961","targetHints":{"allow":["GET"]}}],"collection":[{"href":"https:\/\/energizer.com\/lat\/peru\/wp-json\/wp\/v2\/product"}],"about":[{"href":"https:\/\/energizer.com\/lat\/peru\/wp-json\/wp\/v2\/types\/product"}],"replies":[{"embeddable":true,"href":"https:\/\/energizer.com\/lat\/peru\/wp-json\/wp\/v2\/comments?post=9961"}],"version-history":[{"count":2,"href":"https:\/\/energizer.com\/lat\/peru\/wp-json\/wp\/v2\/product\/9961\/revisions"}],"predecessor-version":[{"id":10039,"href":"https:\/\/energizer.com\/lat\/peru\/wp-json\/wp\/v2\/product\/9961\/revisions\/10039"}],"wp:attachment":[{"href":"https:\/\/energizer.com\/lat\/peru\/wp-json\/wp\/v2\/media?parent=9961"}],"wp:term":[{"taxonomy":"product_brand","embeddable":true,"href":"https:\/\/energizer.com\/lat\/peru\/wp-json\/wp\/v2\/product_brand?post=9961"},{"taxonomy":"product_cat","embeddable":true,"href":"https:\/\/energizer.com\/lat\/peru\/wp-json\/wp\/v2\/product_cat?post=9961"},{"taxonomy":"product_tag","embeddable":true,"href":"https:\/\/energizer.com\/lat\/peru\/wp-json\/wp\/v2\/product_tag?post=9961"}],"curies":[{"name":"wp","href":"https:\/\/api.w.org\/{rel}","templated":true}]}}