{"id":2433,"date":"2024-05-09T05:58:43","date_gmt":"2024-05-09T05:58:43","guid":{"rendered":"http:\/\/64.91.246.76\/~energizer\/?page_id=2433"},"modified":"2024-09-04T09:35:08","modified_gmt":"2024-09-04T09:35:08","slug":"energizer-recharge","status":"publish","type":"page","link":"https:\/\/energizer.com\/lat\/venezuela\/power\/energizer-recharge\/","title":{"rendered":"Energizer Recharge"},"content":{"rendered":"\t\t<div data-elementor-type=\"wp-page\" data-elementor-id=\"2433\" class=\"elementor elementor-2433\" data-elementor-post-type=\"page\">\n\t\t\t\t<div class=\"elementor-element elementor-element-b4c3d4f e-flex e-con-boxed e-con e-parent\" data-id=\"b4c3d4f\" data-element_type=\"container\" data-e-type=\"container\">\n\t\t\t\t\t<div class=\"e-con-inner\">\n\t\t\t\t<div class=\"elementor-element elementor-element-ee0940c elementor-hidden-mobile_extra elementor-hidden-mobile elementor-widget elementor-widget-image\" data-id=\"ee0940c\" data-element_type=\"widget\" data-e-type=\"widget\" data-widget_type=\"image.default\">\n\t\t\t\t<div class=\"elementor-widget-container\">\n\t\t\t\t\t\t\t\t\t\t\t\t\t\t\t<img fetchpriority=\"high\" decoding=\"async\" width=\"1500\" height=\"650\" src=\"https:\/\/energizer.com\/lat\/venezuela\/wp-content\/uploads\/sites\/13\/2024\/09\/NEW-RECHARGE_LATAM_Bunny-01.png\" class=\"attachment-full size-full wp-image-9991\" alt=\"NEW RECHARGE BANNER\" srcset=\"https:\/\/energizer.com\/lat\/venezuela\/wp-content\/uploads\/sites\/13\/2024\/09\/NEW-RECHARGE_LATAM_Bunny-01.png 1500w, https:\/\/energizer.com\/lat\/venezuela\/wp-content\/uploads\/sites\/13\/2024\/09\/NEW-RECHARGE_LATAM_Bunny-01-300x130.png 300w, https:\/\/energizer.com\/lat\/venezuela\/wp-content\/uploads\/sites\/13\/2024\/09\/NEW-RECHARGE_LATAM_Bunny-01-1024x444.png 1024w, https:\/\/energizer.com\/lat\/venezuela\/wp-content\/uploads\/sites\/13\/2024\/09\/NEW-RECHARGE_LATAM_Bunny-01-768x333.png 768w, https:\/\/energizer.com\/lat\/venezuela\/wp-content\/uploads\/sites\/13\/2024\/09\/NEW-RECHARGE_LATAM_Bunny-01-600x260.png 600w\" sizes=\"(max-width: 1500px) 100vw, 1500px\" \/>\t\t\t\t\t\t\t\t\t\t\t\t\t\t\t<\/div>\n\t\t\t\t<\/div>\n\t\t\t\t<div class=\"elementor-element elementor-element-5e0f3fb elementor-hidden-widescreen elementor-hidden-desktop elementor-hidden-laptop elementor-hidden-tablet_extra elementor-hidden-tablet elementor-widget elementor-widget-image\" data-id=\"5e0f3fb\" data-element_type=\"widget\" data-e-type=\"widget\" data-widget_type=\"image.default\">\n\t\t\t\t<div class=\"elementor-widget-container\">\n\t\t\t\t\t\t\t\t\t\t\t\t\t\t\t<img decoding=\"async\" width=\"800\" height=\"801\" src=\"https:\/\/energizer.com\/lat\/venezuela\/wp-content\/uploads\/sites\/13\/2024\/09\/RECHARGE_LATAM_Bunny-Mobile.png\" class=\"attachment-full size-full wp-image-9993\" alt=\"RECHARGE LATAM Bunny Mobile\" srcset=\"https:\/\/energizer.com\/lat\/venezuela\/wp-content\/uploads\/sites\/13\/2024\/09\/RECHARGE_LATAM_Bunny-Mobile.png 800w, https:\/\/energizer.com\/lat\/venezuela\/wp-content\/uploads\/sites\/13\/2024\/09\/RECHARGE_LATAM_Bunny-Mobile-300x300.png 300w, https:\/\/energizer.com\/lat\/venezuela\/wp-content\/uploads\/sites\/13\/2024\/09\/RECHARGE_LATAM_Bunny-Mobile-150x150.png 150w, https:\/\/energizer.com\/lat\/venezuela\/wp-content\/uploads\/sites\/13\/2024\/09\/RECHARGE_LATAM_Bunny-Mobile-768x769.png 768w, https:\/\/energizer.com\/lat\/venezuela\/wp-content\/uploads\/sites\/13\/2024\/09\/RECHARGE_LATAM_Bunny-Mobile-600x601.png 600w, https:\/\/energizer.com\/lat\/venezuela\/wp-content\/uploads\/sites\/13\/2024\/09\/RECHARGE_LATAM_Bunny-Mobile-100x100.png 100w\" sizes=\"(max-width: 800px) 100vw, 800px\" \/>\t\t\t\t\t\t\t\t\t\t\t\t\t\t\t<\/div>\n\t\t\t\t<\/div>\n\t\t<div class=\"elementor-element elementor-element-8a2f147 e-flex e-con-boxed e-con e-child\" data-id=\"8a2f147\" data-element_type=\"container\" data-e-type=\"container\">\n\t\t\t\t\t<div class=\"e-con-inner\">\n\t\t<div class=\"elementor-element elementor-element-b8d444d e-con-full e-flex e-con e-child\" data-id=\"b8d444d\" data-element_type=\"container\" data-e-type=\"container\">\n\t\t<div class=\"elementor-element elementor-element-5c5408d e-flex e-con-boxed e-con e-child\" data-id=\"5c5408d\" data-element_type=\"container\" data-e-type=\"container\">\n\t\t\t\t\t<div class=\"e-con-inner\">\n\t\t\t\t<div class=\"elementor-element elementor-element-ede8041 elementor-widget elementor-widget-image\" data-id=\"ede8041\" data-element_type=\"widget\" data-e-type=\"widget\" data-widget_type=\"image.default\">\n\t\t\t\t<div class=\"elementor-widget-container\">\n\t\t\t\t\t\t\t\t\t\t\t\t\t\t\t<img decoding=\"async\" width=\"600\" height=\"400\" src=\"https:\/\/energizer.com\/lat\/venezuela\/wp-content\/uploads\/sites\/13\/2024\/09\/new-recharge-group-image.png\" class=\"attachment-full size-full wp-image-10078\" alt=\"Energizer Recharge new group image\" srcset=\"https:\/\/energizer.com\/lat\/venezuela\/wp-content\/uploads\/sites\/13\/2024\/09\/new-recharge-group-image.png 600w, https:\/\/energizer.com\/lat\/venezuela\/wp-content\/uploads\/sites\/13\/2024\/09\/new-recharge-group-image-300x200.png 300w\" sizes=\"(max-width: 600px) 100vw, 600px\" \/>\t\t\t\t\t\t\t\t\t\t\t\t\t\t\t<\/div>\n\t\t\t\t<\/div>\n\t\t\t\t\t<\/div>\n\t\t\t\t<\/div>\n\t\t<div class=\"elementor-element elementor-element-0c7ee57 e-flex e-con-boxed e-con e-child\" data-id=\"0c7ee57\" data-element_type=\"container\" data-e-type=\"container\">\n\t\t\t\t\t<div class=\"e-con-inner\">\n\t\t\t\t<div class=\"elementor-element elementor-element-af49885 bestFor recharge elementor-widget elementor-widget-text-editor\" data-id=\"af49885\" data-element_type=\"widget\" data-e-type=\"widget\" data-widget_type=\"text-editor.default\">\n\t\t\t\t<div class=\"elementor-widget-container\">\n\t\t\t\t\t\t\t\t\t<strong>Dise\u00f1ado para proteger sus dispositivos esenciales<\/strong>\t\t\t\t\t\t\t\t<\/div>\n\t\t\t\t<\/div>\n\t\t\t\t<div class=\"elementor-element elementor-element-b31db76 elementor-widget elementor-widget-text-editor\" data-id=\"b31db76\" data-element_type=\"widget\" data-e-type=\"widget\" data-widget_type=\"text-editor.default\">\n\t\t\t\t<div class=\"elementor-widget-container\">\n\t\t\t\t\t\t\t\t\t<p tabindex=\"0\">La responsabilidad medioambiental se une a una tecnolog\u00eda inspirada: presentamos\u00a0<strong>la primera pila AA\/AAA recargable del mundo<\/strong>\u00a0fabricada con un\u00a0<strong>22 % de pilas recicladas.<\/strong>\u00a0Ahora puede ahorrar dinero y tener menos impacto en el planeta al reducir la cantidad de pilas desechadas, generando menos basura. Al utilizar pilas\u00a0<strong>Energizer Recharge\u00ae<\/strong>\u00a0para c\u00e1maras digitales, dispositivos GPS port\u00e1tiles, sistemas de videojuegos inal\u00e1mbricos, juguetes y todo lo dem\u00e1s, usted puede experimentar la practicidad y el valor de la tecnolog\u00eda de pilas recargables innovadora y l\u00edder en la industria.<\/p><p tabindex=\"0\"><strong>Las pilas recargables Energizer Recharge\u00ae<\/strong>\u00a0<strong>AA y AAA<\/strong>\u00a0vienen precargadas y listas para usar, ofreciendo energ\u00eda reutilizable para los dispositivos que amas.<\/p>\t\t\t\t\t\t\t\t<\/div>\n\t\t\t\t<\/div>\n\t\t\t\t<div class=\"elementor-element elementor-element-bced382 elementor-widget elementor-widget-text-editor\" data-id=\"bced382\" data-element_type=\"widget\" data-e-type=\"widget\" data-widget_type=\"text-editor.default\">\n\t\t\t\t<div class=\"elementor-widget-container\">\n\t\t\t\t\t\t\t\t\t*Con base en el uso est\u00e1ndar\t\t\t\t\t\t\t\t<\/div>\n\t\t\t\t<\/div>\n\t\t\t\t\t<\/div>\n\t\t\t\t<\/div>\n\t\t\t\t<\/div>\n\t\t\t\t\t<\/div>\n\t\t\t\t<\/div>\n\t\t<div class=\"elementor-element elementor-element-422941f e-flex e-con-boxed e-con e-child\" data-id=\"422941f\" data-element_type=\"container\" data-e-type=\"container\">\n\t\t\t\t\t<div class=\"e-con-inner\">\n\t\t<div class=\"elementor-element elementor-element-cfc1efb e-con-full e-flex e-con e-child\" data-id=\"cfc1efb\" data-element_type=\"container\" data-e-type=\"container\">\n\t\t<div class=\"elementor-element elementor-element-7c84d12 e-con-full e-flex e-con e-child\" data-id=\"7c84d12\" data-element_type=\"container\" data-e-type=\"container\" data-settings=\"{&quot;background_background&quot;:&quot;classic&quot;}\">\n\t\t\t\t<div class=\"elementor-element elementor-element-69a3823 elementor-widget elementor-widget-image\" data-id=\"69a3823\" data-element_type=\"widget\" data-e-type=\"widget\" data-widget_type=\"image.default\">\n\t\t\t\t<div class=\"elementor-widget-container\">\n\t\t\t\t\t\t\t\t\t\t\t\t\t\t\t<img loading=\"lazy\" decoding=\"async\" width=\"1563\" height=\"1563\" src=\"https:\/\/energizer.com\/lat\/venezuela\/wp-content\/uploads\/sites\/13\/2024\/09\/SM_RECHARGE_SPANISH-01.png\" class=\"attachment-full size-full wp-image-10008\" alt=\"lasts upto 4* longer\" srcset=\"https:\/\/energizer.com\/lat\/venezuela\/wp-content\/uploads\/sites\/13\/2024\/09\/SM_RECHARGE_SPANISH-01.png 1563w, https:\/\/energizer.com\/lat\/venezuela\/wp-content\/uploads\/sites\/13\/2024\/09\/SM_RECHARGE_SPANISH-01-300x300.png 300w, https:\/\/energizer.com\/lat\/venezuela\/wp-content\/uploads\/sites\/13\/2024\/09\/SM_RECHARGE_SPANISH-01-1024x1024.png 1024w, https:\/\/energizer.com\/lat\/venezuela\/wp-content\/uploads\/sites\/13\/2024\/09\/SM_RECHARGE_SPANISH-01-150x150.png 150w, https:\/\/energizer.com\/lat\/venezuela\/wp-content\/uploads\/sites\/13\/2024\/09\/SM_RECHARGE_SPANISH-01-768x768.png 768w, https:\/\/energizer.com\/lat\/venezuela\/wp-content\/uploads\/sites\/13\/2024\/09\/SM_RECHARGE_SPANISH-01-1536x1536.png 1536w, https:\/\/energizer.com\/lat\/venezuela\/wp-content\/uploads\/sites\/13\/2024\/09\/SM_RECHARGE_SPANISH-01-600x600.png 600w, https:\/\/energizer.com\/lat\/venezuela\/wp-content\/uploads\/sites\/13\/2024\/09\/SM_RECHARGE_SPANISH-01-100x100.png 100w\" sizes=\"(max-width: 1563px) 100vw, 1563px\" \/>\t\t\t\t\t\t\t\t\t\t\t\t\t\t\t<\/div>\n\t\t\t\t<\/div>\n\t\t\t\t<\/div>\n\t\t<div class=\"elementor-element elementor-element-05c5a71 e-con-full e-flex e-con e-child\" data-id=\"05c5a71\" data-element_type=\"container\" data-e-type=\"container\" data-settings=\"{&quot;background_background&quot;:&quot;classic&quot;}\">\n\t\t\t\t<div class=\"elementor-element elementor-element-391bbd6 elementor-widget elementor-widget-image\" data-id=\"391bbd6\" data-element_type=\"widget\" data-e-type=\"widget\" data-widget_type=\"image.default\">\n\t\t\t\t<div class=\"elementor-widget-container\">\n\t\t\t\t\t\t\t\t\t\t\t\t\t\t\t<img loading=\"lazy\" decoding=\"async\" width=\"1564\" height=\"1563\" src=\"https:\/\/energizer.com\/lat\/venezuela\/wp-content\/uploads\/sites\/13\/2024\/09\/SM_RECHARGE_SPANISH-03.png\" class=\"attachment-full size-full wp-image-10009\" alt=\"Recharge Brand\" srcset=\"https:\/\/energizer.com\/lat\/venezuela\/wp-content\/uploads\/sites\/13\/2024\/09\/SM_RECHARGE_SPANISH-03.png 1564w, https:\/\/energizer.com\/lat\/venezuela\/wp-content\/uploads\/sites\/13\/2024\/09\/SM_RECHARGE_SPANISH-03-300x300.png 300w, https:\/\/energizer.com\/lat\/venezuela\/wp-content\/uploads\/sites\/13\/2024\/09\/SM_RECHARGE_SPANISH-03-1024x1024.png 1024w, https:\/\/energizer.com\/lat\/venezuela\/wp-content\/uploads\/sites\/13\/2024\/09\/SM_RECHARGE_SPANISH-03-150x150.png 150w, https:\/\/energizer.com\/lat\/venezuela\/wp-content\/uploads\/sites\/13\/2024\/09\/SM_RECHARGE_SPANISH-03-768x768.png 768w, https:\/\/energizer.com\/lat\/venezuela\/wp-content\/uploads\/sites\/13\/2024\/09\/SM_RECHARGE_SPANISH-03-1536x1536.png 1536w, https:\/\/energizer.com\/lat\/venezuela\/wp-content\/uploads\/sites\/13\/2024\/09\/SM_RECHARGE_SPANISH-03-600x600.png 600w, https:\/\/energizer.com\/lat\/venezuela\/wp-content\/uploads\/sites\/13\/2024\/09\/SM_RECHARGE_SPANISH-03-100x100.png 100w\" sizes=\"(max-width: 1564px) 100vw, 1564px\" \/>\t\t\t\t\t\t\t\t\t\t\t\t\t\t\t<\/div>\n\t\t\t\t<\/div>\n\t\t\t\t<\/div>\n\t\t<div class=\"elementor-element elementor-element-2bd9bdc e-con-full e-flex e-con e-child\" data-id=\"2bd9bdc\" data-element_type=\"container\" data-e-type=\"container\" data-settings=\"{&quot;background_background&quot;:&quot;classic&quot;}\">\n\t\t\t\t<div class=\"elementor-element elementor-element-b93ee3f elementor-widget elementor-widget-image\" data-id=\"b93ee3f\" data-element_type=\"widget\" data-e-type=\"widget\" data-widget_type=\"image.default\">\n\t\t\t\t<div class=\"elementor-widget-container\">\n\t\t\t\t\t\t\t\t\t\t\t\t\t\t\t<img loading=\"lazy\" decoding=\"async\" width=\"1563\" height=\"1563\" src=\"https:\/\/energizer.com\/lat\/venezuela\/wp-content\/uploads\/sites\/13\/2024\/09\/SM_RECHARGE_SPANISH-02.png\" class=\"attachment-full size-full wp-image-10011\" alt=\"\" srcset=\"https:\/\/energizer.com\/lat\/venezuela\/wp-content\/uploads\/sites\/13\/2024\/09\/SM_RECHARGE_SPANISH-02.png 1563w, https:\/\/energizer.com\/lat\/venezuela\/wp-content\/uploads\/sites\/13\/2024\/09\/SM_RECHARGE_SPANISH-02-300x300.png 300w, https:\/\/energizer.com\/lat\/venezuela\/wp-content\/uploads\/sites\/13\/2024\/09\/SM_RECHARGE_SPANISH-02-1024x1024.png 1024w, https:\/\/energizer.com\/lat\/venezuela\/wp-content\/uploads\/sites\/13\/2024\/09\/SM_RECHARGE_SPANISH-02-150x150.png 150w, https:\/\/energizer.com\/lat\/venezuela\/wp-content\/uploads\/sites\/13\/2024\/09\/SM_RECHARGE_SPANISH-02-768x768.png 768w, https:\/\/energizer.com\/lat\/venezuela\/wp-content\/uploads\/sites\/13\/2024\/09\/SM_RECHARGE_SPANISH-02-1536x1536.png 1536w, https:\/\/energizer.com\/lat\/venezuela\/wp-content\/uploads\/sites\/13\/2024\/09\/SM_RECHARGE_SPANISH-02-600x600.png 600w, https:\/\/energizer.com\/lat\/venezuela\/wp-content\/uploads\/sites\/13\/2024\/09\/SM_RECHARGE_SPANISH-02-100x100.png 100w\" sizes=\"(max-width: 1563px) 100vw, 1563px\" \/>\t\t\t\t\t\t\t\t\t\t\t\t\t\t\t<\/div>\n\t\t\t\t<\/div>\n\t\t\t\t<\/div>\n\t\t\t\t<\/div>\n\t\t\t\t\t<\/div>\n\t\t\t\t<\/div>\n\t\t\t\t\t<\/div>\n\t\t\t\t<\/div>\n\t\t<div class=\"elementor-element elementor-element-2220e9e e-flex e-con-boxed e-con e-parent\" data-id=\"2220e9e\" data-element_type=\"container\" data-e-type=\"container\">\n\t\t\t\t\t<div class=\"e-con-inner\">\n\t\t\t\t<div class=\"elementor-element elementor-element-741a391 elementor-grid-laptop-1 elementor-grid-1 elementor-grid-widescreen-1 elementor-grid-tablet-1 elementor-grid-mobile_extra-1 elementor-grid-mobile-1 elementor-widget elementor-widget-loop-grid\" data-id=\"741a391\" data-element_type=\"widget\" data-e-type=\"widget\" data-settings=\"{&quot;template_id&quot;:&quot;4370&quot;,&quot;columns_laptop&quot;:1,&quot;columns&quot;:1,&quot;columns_widescreen&quot;:1,&quot;columns_tablet&quot;:1,&quot;columns_mobile_extra&quot;:1,&quot;columns_mobile&quot;:1,&quot;_skin&quot;:&quot;post&quot;,&quot;edit_handle_selector&quot;:&quot;[data-elementor-type=\\&quot;loop-item\\&quot;]&quot;,&quot;row_gap&quot;:{&quot;unit&quot;:&quot;px&quot;,&quot;size&quot;:&quot;&quot;,&quot;sizes&quot;:[]},&quot;row_gap_widescreen&quot;:{&quot;unit&quot;:&quot;px&quot;,&quot;size&quot;:&quot;&quot;,&quot;sizes&quot;:[]},&quot;row_gap_laptop&quot;:{&quot;unit&quot;:&quot;px&quot;,&quot;size&quot;:&quot;&quot;,&quot;sizes&quot;:[]},&quot;row_gap_tablet_extra&quot;:{&quot;unit&quot;:&quot;px&quot;,&quot;size&quot;:&quot;&quot;,&quot;sizes&quot;:[]},&quot;row_gap_tablet&quot;:{&quot;unit&quot;:&quot;px&quot;,&quot;size&quot;:&quot;&quot;,&quot;sizes&quot;:[]},&quot;row_gap_mobile_extra&quot;:{&quot;unit&quot;:&quot;px&quot;,&quot;size&quot;:&quot;&quot;,&quot;sizes&quot;:[]},&quot;row_gap_mobile&quot;:{&quot;unit&quot;:&quot;px&quot;,&quot;size&quot;:&quot;&quot;,&quot;sizes&quot;:[]}}\" data-widget_type=\"loop-grid.post\">\n\t\t\t\t<div class=\"elementor-widget-container\">\n\t\t\t\t\t\t\t<div class=\"e-loop-nothing-found-message\">\n\t\t\t\t\t<div class=\"e-loop-nothing-found-message__text\">\n\t\t\t\tIt seems we can\u2019t find what you\u2019re looking for.\t\t\t<\/div>\n\t\t\t<\/div>\n\t\t\t\t\t\t<\/div>\n\t\t\t\t<\/div>\n\t\t\t\t\t<\/div>\n\t\t\t\t<\/div>\n\t\t\t\t<\/div>\n\t\t","protected":false},"excerpt":{"rendered":"<p>Dise\u00f1ado para proteger sus dispositivos esenciales La responsabilidad medioambiental se une a una tecnolog\u00eda inspirada: presentamos\u00a0la primera pila AA\/AAA recargable del mundo\u00a0fabricada con un\u00a022 % de pilas recicladas.\u00a0Ahora puede ahorrar dinero y tener menos impacto en el planeta al reducir la cantidad de pilas desechadas, generando menos basura. Al utilizar pilas\u00a0Energizer Recharge\u00ae\u00a0para c\u00e1maras digitales, dispositivos [&hellip;]<\/p>\n","protected":false},"author":2,"featured_media":0,"parent":1003,"menu_order":0,"comment_status":"closed","ping_status":"closed","template":"elementor_header_footer","meta":{"_acf_changed":false,"footnotes":""},"class_list":["post-2433","page","type-page","status-publish","hentry"],"acf":[],"_links":{"self":[{"href":"https:\/\/energizer.com\/lat\/venezuela\/wp-json\/wp\/v2\/pages\/2433","targetHints":{"allow":["GET"]}}],"collection":[{"href":"https:\/\/energizer.com\/lat\/venezuela\/wp-json\/wp\/v2\/pages"}],"about":[{"href":"https:\/\/energizer.com\/lat\/venezuela\/wp-json\/wp\/v2\/types\/page"}],"author":[{"embeddable":true,"href":"https:\/\/energizer.com\/lat\/venezuela\/wp-json\/wp\/v2\/users\/2"}],"replies":[{"embeddable":true,"href":"https:\/\/energizer.com\/lat\/venezuela\/wp-json\/wp\/v2\/comments?post=2433"}],"version-history":[{"count":260,"href":"https:\/\/energizer.com\/lat\/venezuela\/wp-json\/wp\/v2\/pages\/2433\/revisions"}],"predecessor-version":[{"id":10081,"href":"https:\/\/energizer.com\/lat\/venezuela\/wp-json\/wp\/v2\/pages\/2433\/revisions\/10081"}],"up":[{"embeddable":true,"href":"https:\/\/energizer.com\/lat\/venezuela\/wp-json\/wp\/v2\/pages\/1003"}],"wp:attachment":[{"href":"https:\/\/energizer.com\/lat\/venezuela\/wp-json\/wp\/v2\/media?parent=2433"}],"curies":[{"name":"wp","href":"https:\/\/api.w.org\/{rel}","templated":true}]}}