{"id":10365,"date":"2024-09-12T05:02:17","date_gmt":"2024-09-12T05:02:17","guid":{"rendered":"https:\/\/energizer.com\/lat\/venezuela\/?post_type=product&#038;p=10365"},"modified":"2024-09-12T05:02:17","modified_gmt":"2024-09-12T05:02:17","slug":"energizer-touch-tech-keychain","status":"publish","type":"product","link":"https:\/\/energizer.com\/lat\/venezuela\/product\/energizer-touch-tech-keychain\/","title":{"rendered":"Energizer Touch Tech Keychain"},"content":{"rendered":"<ul>\n<li>Encendido\/apagado t\u00e1ctil sin interruptor<\/li>\n<li>Dise\u00f1ado para m\u00e1xima comodidad: agarre la luz para una iluminaci\u00f3n instant\u00e1nea y su\u00e9ltela para apagarla suavemente<\/li>\n<li>El tama\u00f1o compacto la convierte en una luz c\u00f3moda para tener en todo momento<\/li>\n<\/ul>\n","protected":false},"excerpt":{"rendered":"<p>Encendido\/apagado t\u00e1ctil sin interruptor Dise\u00f1ado para m\u00e1xima comodidad: agarre la luz para una iluminaci\u00f3n instant\u00e1nea y su\u00e9ltela para apagarla suavemente El tama\u00f1o compacto la convierte en una luz c\u00f3moda para tener en todo momento<\/p>\n","protected":false},"featured_media":0,"comment_status":"open","ping_status":"closed","template":"","meta":{"_acf_changed":false},"product_brand":[],"product_cat":[97],"product_tag":[],"class_list":{"0":"post-10365","1":"product","2":"type-product","3":"status-publish","5":"product_cat-handheld","7":"first","8":"instock","9":"shipping-taxable","10":"product-type-simple"},"acf":[],"_links":{"self":[{"href":"https:\/\/energizer.com\/lat\/venezuela\/wp-json\/wp\/v2\/product\/10365","targetHints":{"allow":["GET"]}}],"collection":[{"href":"https:\/\/energizer.com\/lat\/venezuela\/wp-json\/wp\/v2\/product"}],"about":[{"href":"https:\/\/energizer.com\/lat\/venezuela\/wp-json\/wp\/v2\/types\/product"}],"replies":[{"embeddable":true,"href":"https:\/\/energizer.com\/lat\/venezuela\/wp-json\/wp\/v2\/comments?post=10365"}],"version-history":[{"count":1,"href":"https:\/\/energizer.com\/lat\/venezuela\/wp-json\/wp\/v2\/product\/10365\/revisions"}],"predecessor-version":[{"id":10366,"href":"https:\/\/energizer.com\/lat\/venezuela\/wp-json\/wp\/v2\/product\/10365\/revisions\/10366"}],"wp:attachment":[{"href":"https:\/\/energizer.com\/lat\/venezuela\/wp-json\/wp\/v2\/media?parent=10365"}],"wp:term":[{"taxonomy":"product_brand","embeddable":true,"href":"https:\/\/energizer.com\/lat\/venezuela\/wp-json\/wp\/v2\/product_brand?post=10365"},{"taxonomy":"product_cat","embeddable":true,"href":"https:\/\/energizer.com\/lat\/venezuela\/wp-json\/wp\/v2\/product_cat?post=10365"},{"taxonomy":"product_tag","embeddable":true,"href":"https:\/\/energizer.com\/lat\/venezuela\/wp-json\/wp\/v2\/product_tag?post=10365"}],"curies":[{"name":"wp","href":"https:\/\/api.w.org\/{rel}","templated":true}]}}